{"id":27,"date":"2026-04-13T06:57:40","date_gmt":"2026-04-13T11:57:40","guid":{"rendered":"https:\/\/ecoweb.com.co\/sossas\/?page_id=27"},"modified":"2026-04-15T19:25:43","modified_gmt":"2026-04-16T00:25:43","slug":"sobre-nosotros","status":"publish","type":"page","link":"https:\/\/ecoweb.com.co\/sossas\/sobre-nosotros\/","title":{"rendered":"Sobre nosotros"},"content":{"rendered":"<div class=\"wpb-content-wrapper\"><p>[vc_row content_placement=&#8221;middle&#8221; conditional_render=&#8221;%5B%7B%22value_role%22%3A%22administrator%22%7D%5D&#8221; css=&#8221;.vc_custom_1776299142816{margin-top: 2% !important;}&#8221;][vc_column width=&#8221;1\/2&#8243;][vc_single_image image=&#8221;120&#8243; img_size=&#8221;full&#8221; alignment=&#8221;center&#8221; animation_type=&#8221;fadeInLeft&#8221;][\/vc_column][vc_column width=&#8221;1\/2&#8243;][vc_column_text css_animation=&#8221;fadeInRight&#8221;]<\/p>\n<p style=\"font-size: 15pt; color: #275386; font-weight: 600;\">Consultor\u00eda empresarial<\/p>\n<p class=\"titulo\" style=\"font-size: 38pt; font-family: Montserrat; font-weight: bold; line-height: 1; text-align: left;\">Sobre nosotros<\/p>\n<p style=\"text-align: left;\">En SOS SAS, nos especializamos en brindar soluciones integrales en Salud y Seguridad en el trabajo. Nuestro compromiso es garantizar entornos laborales seguros y saludables, ayudando a las empresas a cumplir con la normativa vigente y a promover una cultura de prevenci\u00f3n.<\/p>\n<p style=\"text-align: left;\">Con un equipo de profesionales altamente capacitados, ofrecemos servicios de consultor\u00eda, capacitaci\u00f3n y auditor\u00eda, adaptados a las necesidades espec\u00edficas de cada cliente. En SOS SAS, trabajamos juntos para construir un futuro laboral seguro y sostenible.<\/p>\n<p>[\/vc_column_text]<div class=\"porto-sicon-box  wpb_custom_edae64b39ebab4e23c89314d3eec7bd0 style_1 left-icon\" data-appear-animation=\"zoomIn\"><div class=\"porto-sicon-left\"><div class=\"porto-just-icon-wrapper porto-icon none\" style=\"color:#1e2e44;font-size:36px;\"><i class=\"fas fa-award\"><\/i><\/div><\/div><div class=\"porto-sicon-body\"><div class=\"porto-sicon-header\"><h3 class=\"porto-sicon-title\" style=\"\">Experiencia<\/h3><p>Hemos guiado a numerosas empresas, garantizando ambientes de trabajo seguros y conformes con la normativa vigente.<\/p><\/div> <!-- header --><\/div><\/div><!-- porto-sicon-box -->[\/vc_column][\/vc_row][vc_row full_width=&#8221;stretch_row_content_no_spaces&#8221; css_animation=&#8221;zoomIn&#8221; el_class=&#8221;seo-block-home text-center color-white&#8221; css=&#8221;.vc_custom_1776291178004{margin-top: 3% !important;padding-right: 7% !important;padding-bottom: 7% !important;padding-left: 7% !important;}&#8221; conditional_render=&#8221;%5B%7B%22value_role%22%3A%22administrator%22%7D%5D&#8221;][vc_column][vc_row_inner content_placement=&#8221;middle&#8221; css=&#8221;.vc_custom_1776291678639{padding-top: 3% !important;padding-right: 3% !important;padding-bottom: 1% !important;padding-left: 3% !important;background-color: rgba(255,255,255,0.88) !important;*background-color: rgb(255,255,255) !important;border-radius: 10px !important;}&#8221;][vc_column_inner width=&#8221;1\/2&#8243;][vc_column_text css_animation=&#8221;fadeInRight&#8221;]<\/p>\n<p style=\"font-size: 18pt; color: #275386; font-weight: 600; text-align: left;\">Nuestra Misi\u00f3n<\/p>\n<p style=\"text-align: left;\"><span style=\"color: #000000;\">Tenemos como prop\u00f3sito la asesor\u00eda integral a trav\u00e9s de un conjunto de alternativas ajustadas a la necesidad del cliente, con el fin de apoyar el crecimiento continuo de la producci\u00f3n y competencia de las empresas ante el mercado actual, ofreciendo una alternativa confiable, eficaz y oportuna, en la elaboraci\u00f3n, estructuraci\u00f3n, ejecuci\u00f3n, evaluaci\u00f3n y continuidad de los SG-SST y calidad de nuestros clientes.<\/span><\/p>\n<p>[\/vc_column_text][vc_column_text]<\/p>\n<p style=\"text-align: left;\"><a style=\"text-decoration: none;\" href=\"#\" rel=\"noopener\"><span class=\"ver\">Cont\u00e1ctanos<\/span><\/a><\/p>\n<p>[\/vc_column_text][\/vc_column_inner][vc_column_inner width=&#8221;1\/2&#8243;][vc_column_text css_animation=&#8221;fadeInRight&#8221;]<\/p>\n<p style=\"font-size: 18pt; color: #275386; font-weight: 600; text-align: left;\">Nuestra Visi\u00f3n<\/p>\n<p style=\"text-align: left;\"><span style=\"color: #000000;\">Se enfoca en ser l\u00eddere a nivel local y nacional siendo la mejor opci\u00f3n en la asesor\u00eda integral a trav\u00e9s de empresas especializadas que cumplen con todas las normas vigentes y exigencias de los entes de vigilancia y control, es as\u00ed que basamos nuestro servicio en principios tales como, el respeto, la transparencia, la puntualidad en todas las operaciones y lo m\u00e1s importante la calidez en la atenci\u00f3n al cliente y sus trabajadores, nuestro grupo siempre se caracteriza por la agilidad en los procesos y cumplimiento de las obligaciones adquiridas mediante la innovaci\u00f3n en el desarrollo de nuestras actividades estando a la vanguardia de nuevas tecnolog\u00edas que garanticen la satisfacci\u00f3n del cliente y su autocuidado.<\/span><\/p>\n<p>[\/vc_column_text][\/vc_column_inner][\/vc_row_inner][\/vc_column][\/vc_row][vc_row content_placement=&#8221;middle&#8221; conditional_render=&#8221;%5B%7B%22value_role%22%3A%22administrator%22%7D%5D&#8221; css=&#8221;.vc_custom_1776299104568{margin-top: 5% !important;}&#8221;][vc_column width=&#8221;1\/6&#8243;][\/vc_column][vc_column width=&#8221;2\/3&#8243;][vc_column_text css_animation=&#8221;fadeInRight&#8221;]<\/p>\n<p class=\"titulo\" style=\"font-size: 38pt; font-family: Montserrat; font-weight: bold; line-height: 1; text-align: center;\">Nuestro equipo<\/p>\n<p style=\"text-align: center; font-size: 13pt;\">Somos un equipo multidisciplinario que combina estrategia y ejecuci\u00f3n. Nos involucramos en tu operaci\u00f3n, identificamos oportunidades de mejora y proponemos resultados rentables.<\/p>\n<p>[\/vc_column_text][\/vc_column][vc_column width=&#8221;1\/6&#8243;][\/vc_column][\/vc_row]<\/p>\n<\/div>","protected":false},"excerpt":{"rendered":"<p>[vc_row content_placement=&#8221;middle&#8221; conditional_render=&#8221;%5B%7B%22value_role%22%3A%22administrator%22%7D%5D&#8221; css=&#8221;.vc_custom_1776299142816{margin-top: 2% !important;}&#8221;][vc_column width=&#8221;1\/2&#8243;][vc_single_image image=&#8221;120&#8243; img_size=&#8221;full&#8221; alignment=&#8221;center&#8221; animation_type=&#8221;fadeInLeft&#8221;][\/vc_column][vc_column width=&#8221;1\/2&#8243;][vc_column_text css_animation=&#8221;fadeInRight&#8221;] Consultor\u00eda empresarial Sobre nosotros En SOS SAS, nos especializamos en brindar soluciones integrales en Salud y Seguridad en el trabajo. Nuestro compromiso es garantizar entornos laborales seguros y saludables, ayudando a las empresas a cumplir con la normativa vigente y a promover [&hellip;]<\/p>\n","protected":false},"author":1,"featured_media":0,"parent":0,"menu_order":0,"comment_status":"closed","ping_status":"closed","template":"","meta":{"_joinchat":[],"footnotes":""},"class_list":["post-27","page","type-page","status-publish","hentry"],"_links":{"self":[{"href":"https:\/\/ecoweb.com.co\/sossas\/wp-json\/wp\/v2\/pages\/27","targetHints":{"allow":["GET"]}}],"collection":[{"href":"https:\/\/ecoweb.com.co\/sossas\/wp-json\/wp\/v2\/pages"}],"about":[{"href":"https:\/\/ecoweb.com.co\/sossas\/wp-json\/wp\/v2\/types\/page"}],"author":[{"embeddable":true,"href":"https:\/\/ecoweb.com.co\/sossas\/wp-json\/wp\/v2\/users\/1"}],"replies":[{"embeddable":true,"href":"https:\/\/ecoweb.com.co\/sossas\/wp-json\/wp\/v2\/comments?post=27"}],"version-history":[{"count":9,"href":"https:\/\/ecoweb.com.co\/sossas\/wp-json\/wp\/v2\/pages\/27\/revisions"}],"predecessor-version":[{"id":260,"href":"https:\/\/ecoweb.com.co\/sossas\/wp-json\/wp\/v2\/pages\/27\/revisions\/260"}],"wp:attachment":[{"href":"https:\/\/ecoweb.com.co\/sossas\/wp-json\/wp\/v2\/media?parent=27"}],"curies":[{"name":"wp","href":"https:\/\/api.w.org\/{rel}","templated":true}]}}