{"id":326,"date":"2025-12-12T18:02:38","date_gmt":"2025-12-12T23:02:38","guid":{"rendered":"https:\/\/ecoweb.com.co\/servicios3d\/?page_id=326"},"modified":"2025-12-15T13:08:55","modified_gmt":"2025-12-15T18:08:55","slug":"curso-de-ingenieria-inversa","status":"publish","type":"page","link":"https:\/\/ecoweb.com.co\/servicios3d\/curso-de-ingenieria-inversa\/","title":{"rendered":"Curso de Ingenier\u00eda Inversa"},"content":{"rendered":"<div class=\"wpb-content-wrapper\"><p>[vc_row content_placement=&#8221;middle&#8221; css=&#8221;.vc_custom_1765579251229{margin-top: 3% !important;}&#8221; conditional_render=&#8221;%5B%7B%22value_role%22%3A%22administrator%22%7D%5D&#8221;][vc_column width=&#8221;1\/2&#8243; css=&#8221;.vc_custom_1765579180160{background-position: center !important;background-repeat: no-repeat !important;background-size: cover !important;}&#8221; conditional_render=&#8221;%5B%7B%22value_role%22%3A%22administrator%22%7D%5D&#8221;][vc_column_text]<video id=\"video-background\" autoplay=\"autoplay\" loop=\"loop\" muted=\"\" width=\"100%\" height=\"NaN\"><br \/><source src=\"https:\/\/ecoweb.com.co\/servicios3d\/wp-content\/uploads\/2025\/12\/file-4.mp4\" type=\"video\/mp4\" \/><br \/><\/video>[\/vc_column_text][\/vc_column][vc_column width=&#8221;1\/2&#8243; css=&#8221;.vc_custom_1765579298144{padding-top: 1% !important;}&#8221; conditional_render=&#8221;%5B%7B%22value_role%22%3A%22administrator%22%7D%5D&#8221;][vc_column_text]<\/p>\n<p class=\"titulo\" style=\"font-size: 25pt; font-weight: bold; line-height: 1; text-align: left;\">Curso de ingenier\u00eda inversa<\/p>\n<p>[\/vc_column_text][vc_column_text css=&#8221;.vc_custom_1765580474408{margin-top: -2% !important;}&#8221;]&#8221;Transforma Escaneos 3D en Modelos CAD con Precisi\u00f3n y Eficiencia&#8221;<\/p>\n<p style=\"font-size: 12pt; text-align: left;\"><strong>Objetivo<\/strong>: Capacitar a los participantes en ingenier\u00eda inversa , incluyendo el postprocesamiento de mallas y modelado de superficies. Al finalizar, podr\u00e1n crear modelos CAD precisos a partir de escaneos, desarrollar superficies complejas y modelos param\u00e9tricos, integrando estas habilidades en dise\u00f1o, manufactura y an\u00e1lisis t\u00e9cnico.<\/p>\n<p>[\/vc_column_text][vc_column_text]<\/p>\n<p style=\"text-align: left;\"><a style=\"text-decoration: none;\" href=\"https:\/\/api.whatsapp.com\/send\/?phone=573052365070&amp;text=Hola+%2AServicios+3D%2A.+Necesito+m%C3%A1s+informaci%C3%B3n+sobre+sus+entrenamientos&amp;type=phone_number&amp;app_absent=0\" target=\"_blank\" rel=\"noopener\"><span class=\"ver\">Empieza ahora <\/span><\/a><\/p>\n<p>[\/vc_column_text][\/vc_column][\/vc_row][vc_row css=&#8221;.vc_custom_1765579487116{margin-top: 2% !important;}&#8221; conditional_render=&#8221;%5B%7B%22value_role%22%3A%22administrator%22%7D%5D&#8221;][vc_column][vc_separator][\/vc_column][\/vc_row][vc_row content_placement=&#8221;middle&#8221; css=&#8221;.vc_custom_1765579251229{margin-top: 3% !important;}&#8221; conditional_render=&#8221;%5B%7B%22value_role%22%3A%22administrator%22%7D%5D&#8221;][vc_column width=&#8221;1\/2&#8243; css=&#8221;.vc_custom_1765579298144{padding-top: 1% !important;}&#8221; conditional_render=&#8221;%5B%7B%22value_role%22%3A%22administrator%22%7D%5D&#8221;][vc_column_text]<\/p>\n<p class=\"titulo\" style=\"font-size: 25pt; font-weight: bold; line-height: 1; text-align: left;\">Informaci\u00f3n importante<\/p>\n<p>[\/vc_column_text][vc_column_text css=&#8221;.vc_custom_1765580779897{margin-top: -2% !important;}&#8221;]<\/p>\n<p style=\"font-size: 12pt; text-align: left;\">\u2022 <strong>Duraci\u00f3n<\/strong>:20 Horas (Virtual))<br \/>\n<strong>\u2022 Requisitos previos<\/strong>: \u2022 Conocimientos b\u00e1sicos de dise\u00f1o CAD.<br \/>\n\u2022 Experiencia previa en el manejo de software 3D es recomendable<br \/>\n<strong>\u2022 Dirigido a:<\/strong><br \/>\n\u2022 Ingenieros mec\u00e1nicos<br \/>\n\u2022 Dise\u00f1adores industriales<br \/>\n\u2022 T\u00e9cnicos en manufactura<br \/>\n\u2022 Arquitectos<br \/>\n\u2022 Empresas automotrices<br \/>\n\u2022 Industrias aeroespaciales<br \/>\n\u2022 Universidades y centros de investigaci\u00f3n<br \/>\n\u2022 Empresas de ingenier\u00eda y prototipado<\/p>\n<p>[\/vc_column_text][\/vc_column][vc_column width=&#8221;1\/2&#8243; css=&#8221;.vc_custom_1765579180160{background-position: center !important;background-repeat: no-repeat !important;background-size: cover !important;}&#8221; conditional_render=&#8221;%5B%7B%22value_role%22%3A%22administrator%22%7D%5D&#8221;][vc_single_image image=&#8221;314&#8243; img_size=&#8221;full&#8221; alignment=&#8221;center&#8221;][\/vc_column][\/vc_row][vc_row full_width=&#8221;stretch_row_content_no_spaces&#8221; css=&#8221;.vc_custom_1765579940084{margin-top: 3% !important;padding-top: 4% !important;padding-right: 3% !important;padding-bottom: 3% !important;padding-left: 3% !important;background-color: #f9f9f9 !important;}&#8221; conditional_render=&#8221;%5B%7B%22value_role%22%3A%22administrator%22%7D%5D&#8221;][vc_column][vc_column_text]<\/p>\n<p class=\"titulo\" style=\"font-size: 25pt; font-weight: bold; line-height: 1; text-align: center;\">Modulos<\/p>\n<p>[\/vc_column_text][vc_row_inner][vc_column_inner width=&#8221;1\/4&#8243;]<div class=\"porto-sicon-box  vc_custom_1765580822258 bloque  wpb_custom_b29135b514df20cf3bdbf7820a3ed018 style_1 top-icon\"><div class=\"porto-sicon-top\"><div class=\"porto-just-icon-wrapper porto-icon none\" style=\"font-size:32px;\"><i class=\"far fa-file-alt\"><\/i><\/div><\/div><div class=\"porto-sicon-header\"><h3 class=\"porto-sicon-title\" style=\"\">Modulo 1 Introducci\u00f3n a Geomagic Design X<\/h3><\/div> <!-- header --><div class=\"porto-sicon-description\" style=\"\">\u2022\tDescripci\u00f3n general de la herramienta y sus flujos de trabajo.<br \/>\n\u2022\tP\u00fablico objetivo y requisitos previos.<br \/>\n\u2022\tVisi\u00f3n general de las principales caracter\u00edsticas.<br \/>\n<\/div> <!-- description --><\/div><!-- porto-sicon-box -->[\/vc_column_inner][vc_column_inner width=&#8221;1\/4&#8243;]<div class=\"porto-sicon-box  vc_custom_1765580932131 bloque  wpb_custom_b29135b514df20cf3bdbf7820a3ed018 style_1 top-icon\"><div class=\"porto-sicon-top\"><div class=\"porto-just-icon-wrapper porto-icon none\" style=\"font-size:32px;\"><i class=\"far fa-file-alt\"><\/i><\/div><\/div><div class=\"porto-sicon-header\"><h3 class=\"porto-sicon-title\" style=\"\">Modulo 2 Interfaz de Usuario<\/h3><\/div> <!-- header --><div class=\"porto-sicon-description\" style=\"\">\u2022 Familiarizaci\u00f3n con la interfaz gr\u00e1fica.<br \/>\n\u2022 Exploraci\u00f3n de las barras de herramientas y opciones principales.<\/div> <!-- description --><\/div><!-- porto-sicon-box -->[\/vc_column_inner][vc_column_inner width=&#8221;1\/4&#8243;]<div class=\"porto-sicon-box  vc_custom_1765580984987 bloque  wpb_custom_b29135b514df20cf3bdbf7820a3ed018 style_1 top-icon\"><div class=\"porto-sicon-top\"><div class=\"porto-just-icon-wrapper porto-icon none\" style=\"font-size:32px;\"><i class=\"far fa-file-alt\"><\/i><\/div><\/div><div class=\"porto-sicon-header\"><h3 class=\"porto-sicon-title\" style=\"\">Modulo 3 Navegaci\u00f3n y Selecci\u00f3n<\/h3><\/div> <!-- header --><div class=\"porto-sicon-description\" style=\"\">\u2022 Comandos de navegaci\u00f3n 3D.<br \/>\n\u2022 Uso pr\u00e1ctico del rat\u00f3n para seleccionar y manipular objetos.<\/div> <!-- description --><\/div><!-- porto-sicon-box -->[\/vc_column_inner][vc_column_inner width=&#8221;1\/4&#8243;]<div class=\"porto-sicon-box  vc_custom_1765580971970 bloque  wpb_custom_b29135b514df20cf3bdbf7820a3ed018 style_1 top-icon\"><div class=\"porto-sicon-top\"><div class=\"porto-just-icon-wrapper porto-icon none\" style=\"font-size:32px;\"><i class=\"far fa-file-alt\"><\/i><\/div><\/div><div class=\"porto-sicon-header\"><h3 class=\"porto-sicon-title\" style=\"\">Modulo 4 Barras de Trabajo y An\u00e1lisis<\/h3><\/div> <!-- header --><div class=\"porto-sicon-description\" style=\"\">\u2022 Gesti\u00f3n del \u00e1rbol de operaciones y an\u00e1lisis de precisi\u00f3n.<br \/>\n\u2022 Verificaci\u00f3n de propiedades del modelo escaneado.<\/div> <!-- description --><\/div><!-- porto-sicon-box -->[\/vc_column_inner][\/vc_row_inner][vc_row_inner][vc_column_inner width=&#8221;1\/4&#8243;]<div class=\"porto-sicon-box  vc_custom_1765581024482 bloque  wpb_custom_b29135b514df20cf3bdbf7820a3ed018 style_1 top-icon\"><div class=\"porto-sicon-top\"><div class=\"porto-just-icon-wrapper porto-icon none\" style=\"font-size:32px;\"><i class=\"far fa-file-alt\"><\/i><\/div><\/div><div class=\"porto-sicon-header\"><h3 class=\"porto-sicon-title\" style=\"\">Modulo 5 Men\u00fas Contextuales<\/h3><\/div> <!-- header --><div class=\"porto-sicon-description\" style=\"\">\u2022 Uso eficiente de los men\u00fas contextuales en la interfaz y el \u00e1rbol de operaciones.<\/div> <!-- description --><\/div><!-- porto-sicon-box -->[\/vc_column_inner][vc_column_inner width=&#8221;1\/4&#8243;]<div class=\"porto-sicon-box  vc_custom_1765581116299 bloque  wpb_custom_b29135b514df20cf3bdbf7820a3ed018 style_1 top-icon\"><div class=\"porto-sicon-top\"><div class=\"porto-just-icon-wrapper porto-icon none\" style=\"font-size:32px;\"><i class=\"far fa-file-alt\"><\/i><\/div><\/div><div class=\"porto-sicon-header\"><h3 class=\"porto-sicon-title\" style=\"\">Modulo 6 Tipos de Datos<\/h3><\/div> <!-- header --><div class=\"porto-sicon-description\" style=\"\">\u2022 Introducci\u00f3n a los datos de punto, malla y CAD, y su manipulaci\u00f3n.<\/div> <!-- description --><\/div><!-- porto-sicon-box -->[\/vc_column_inner][vc_column_inner width=&#8221;1\/4&#8243;]<div class=\"porto-sicon-box  vc_custom_1765581137063 bloque  wpb_custom_b29135b514df20cf3bdbf7820a3ed018 style_1 top-icon\"><div class=\"porto-sicon-top\"><div class=\"porto-just-icon-wrapper porto-icon none\" style=\"font-size:32px;\"><i class=\"far fa-file-alt\"><\/i><\/div><\/div><div class=\"porto-sicon-header\"><h3 class=\"porto-sicon-title\" style=\"\">Preparaci\u00f3n del Escaneo<\/h3><\/div> <!-- header --><div class=\"porto-sicon-description\" style=\"\">\u2022 Proceso de generaci\u00f3n y edici\u00f3n de mallas.<br \/>\n\u2022 Conversi\u00f3n de mallas en modelos CAD.<\/div> <!-- description --><\/div><!-- porto-sicon-box -->[\/vc_column_inner][vc_column_inner width=&#8221;1\/4&#8243;]<div class=\"porto-sicon-box  vc_custom_1765581177986 bloque  wpb_custom_b29135b514df20cf3bdbf7820a3ed018 style_1 top-icon\"><div class=\"porto-sicon-top\"><div class=\"porto-just-icon-wrapper porto-icon none\" style=\"font-size:32px;\"><i class=\"far fa-file-alt\"><\/i><\/div><\/div><div class=\"porto-sicon-header\"><h3 class=\"porto-sicon-title\" style=\"\">Modulo 8 Regiones<\/h3><\/div> <!-- header --><div class=\"porto-sicon-description\" style=\"\">\u2022 Entendiendo y manipulando regiones en los datos de escaneo.<\/div> <!-- description --><\/div><!-- porto-sicon-box -->[\/vc_column_inner][\/vc_row_inner][vc_row_inner][vc_column_inner width=&#8221;1\/4&#8243;]<div class=\"porto-sicon-box  vc_custom_1765581214594 bloque  wpb_custom_b29135b514df20cf3bdbf7820a3ed018 style_1 top-icon\"><div class=\"porto-sicon-top\"><div class=\"porto-just-icon-wrapper porto-icon none\" style=\"font-size:32px;\"><i class=\"far fa-file-alt\"><\/i><\/div><\/div><div class=\"porto-sicon-header\"><h3 class=\"porto-sicon-title\" style=\"\">9. Alineaci\u00f3n con el Sistema de Coordenadas<\/h3><\/div> <!-- header --><div class=\"porto-sicon-description\" style=\"\">\u2022 T\u00e9cnicas de alineaci\u00f3n 3-2-1 y alineaci\u00f3n de escaneo a CAD.<\/div> <!-- description --><\/div><!-- porto-sicon-box -->[\/vc_column_inner][vc_column_inner width=&#8221;1\/4&#8243;]<div class=\"porto-sicon-box  vc_custom_1765581300872 bloque  wpb_custom_b29135b514df20cf3bdbf7820a3ed018 style_1 top-icon\"><div class=\"porto-sicon-top\"><div class=\"porto-just-icon-wrapper porto-icon none\" style=\"font-size:32px;\"><i class=\"far fa-file-alt\"><\/i><\/div><\/div><div class=\"porto-sicon-header\"><h3 class=\"porto-sicon-title\" style=\"\">10. Modelado Param\u00e9trico<\/h3><\/div> <!-- header --><div class=\"porto-sicon-description\" style=\"\">\u2022 Creaci\u00f3n de bocetos y superficies param\u00e9tricas.<br \/>\n\u2022 Modelado mec\u00e1nico de formas libres.<\/div> <!-- description --><\/div><!-- porto-sicon-box -->[\/vc_column_inner][vc_column_inner width=&#8221;1\/4&#8243;]<div class=\"porto-sicon-box  vc_custom_1765581348122 bloque  wpb_custom_b29135b514df20cf3bdbf7820a3ed018 style_1 top-icon\"><div class=\"porto-sicon-top\"><div class=\"porto-just-icon-wrapper porto-icon none\" style=\"font-size:32px;\"><i class=\"far fa-file-alt\"><\/i><\/div><\/div><div class=\"porto-sicon-header\"><h3 class=\"porto-sicon-title\" style=\"\">11. Modelado Avanzado<\/h3><\/div> <!-- header --><div class=\"porto-sicon-description\" style=\"\">\u2022 Uso de modelado h\u00edbrido y flujos de trabajo avanzados.<\/div> <!-- description --><\/div><!-- porto-sicon-box -->[\/vc_column_inner][vc_column_inner width=&#8221;1\/4&#8243;]<div class=\"porto-sicon-box  vc_custom_1765581312378 bloque  wpb_custom_b29135b514df20cf3bdbf7820a3ed018 style_1 top-icon\"><div class=\"porto-sicon-top\"><div class=\"porto-just-icon-wrapper porto-icon none\" style=\"font-size:32px;\"><i class=\"far fa-file-alt\"><\/i><\/div><\/div><div class=\"porto-sicon-header\"><h3 class=\"porto-sicon-title\" style=\"\">12. Superficies Exactas<\/h3><\/div> <!-- header --><div class=\"porto-sicon-description\" style=\"\">\u2022 Generaci\u00f3n de superficies exactas a partir de datos de malla.<br \/>\n\u2022 Ejercicios pr\u00e1cticos para aplicar los conocimientos.<\/div> <!-- description --><\/div><!-- porto-sicon-box -->[\/vc_column_inner][\/vc_row_inner][\/vc_column][\/vc_row][vc_row content_placement=&#8221;middle&#8221; css=&#8221;.vc_custom_1765581450073{margin-bottom: -2% !important;}&#8221; conditional_render=&#8221;%5B%7B%22value_role%22%3A%22administrator%22%7D%5D&#8221;][vc_column width=&#8221;1\/2&#8243; css=&#8221;.vc_custom_1765579180160{background-position: center !important;background-repeat: no-repeat !important;background-size: cover !important;}&#8221; conditional_render=&#8221;%5B%7B%22value_role%22%3A%22administrator%22%7D%5D&#8221;][vc_single_image image=&#8221;336&#8243; img_size=&#8221;full&#8221; alignment=&#8221;center&#8221;][\/vc_column][vc_column width=&#8221;1\/2&#8243; css=&#8221;.vc_custom_1765579298144{padding-top: 1% !important;}&#8221; conditional_render=&#8221;%5B%7B%22value_role%22%3A%22administrator%22%7D%5D&#8221;][vc_column_text]<\/p>\n<p class=\"titulo\" style=\"font-size: 25pt; font-weight: bold; line-height: 1; text-align: left;\">\u00bfPor qu\u00e9 hacer este entrenamiento en Ingenier\u00eda inversa?<\/p>\n<p>[\/vc_column_text][vc_column_text css=&#8221;.vc_custom_1765581398734{margin-top: -2% !important;}&#8221;]<\/p>\n<p style=\"font-size: 12pt; text-align: left;\">\u2022\tInnovaci\u00f3n y mejora de productos: La ingenier\u00eda inversa te permite analizar productos existentes para mejorar su dise\u00f1o y funcionalidad.<br \/>\n\u2022\tAdaptaci\u00f3n a nuevas tecnolog\u00edas: Aprender\u00e1s a trabajar con tecnolog\u00edas avanzadas y herramientas digitales, manteni\u00e9ndote relevante en un mercado en constante evoluci\u00f3n.<br \/>\n\u2022\tOptimizaci\u00f3n de procesos: La ingenier\u00eda inversa ayuda a identificar ineficiencias en los productos y procesos, permitiendo su optimizaci\u00f3n.<br \/>\n\u2022\tResoluci\u00f3n de problemas: Te dotar\u00e1 de un enfoque anal\u00edtico para descomponer y resolver problemas complejos en el dise\u00f1o y la fabricaci\u00f3n.<br \/>\n\u2022\tAcceso a nuevos mercados: Con habilidades en ingenier\u00eda inversa, podr\u00e1s ingresar a nichos de mercado donde la personalizaci\u00f3n y la adaptaci\u00f3n son fundamentales.<\/p>\n<p>[\/vc_column_text][\/vc_column][\/vc_row][vc_row css=&#8221;.vc_custom_1765579487116{margin-top: 2% !important;}&#8221; conditional_render=&#8221;%5B%7B%22value_role%22%3A%22administrator%22%7D%5D&#8221;][vc_column][vc_separator][\/vc_column][\/vc_row][vc_row content_placement=&#8221;middle&#8221; css=&#8221;.vc_custom_1765581554984{margin-top: 3% !important;margin-bottom: -2% !important;}&#8221; conditional_render=&#8221;%5B%7B%22value_role%22%3A%22administrator%22%7D%5D&#8221;][vc_column css=&#8221;.vc_custom_1765579180160{background-position: center !important;background-repeat: no-repeat !important;background-size: cover !important;}&#8221; conditional_render=&#8221;%5B%7B%22value_role%22%3A%22administrator%22%7D%5D&#8221;][vc_column_text]<\/p>\n<p class=\"titulo\" style=\"font-size: 23pt; font-weight: bold; line-height: 1; text-align: left;\">Habilidades que obtendr\u00e1s con el entrenamiento en Ingenier\u00eda Inversa:<\/p>\n<p>[\/vc_column_text][vc_column_text css=&#8221;.vc_custom_1765581538602{margin-top: -2% !important;}&#8221;]<\/p>\n<p style=\"font-size: 12pt; text-align: left;\"><strong>1. An\u00e1lisis de productos:<\/strong> Aprender\u00e1s a descomponer y analizar productos existentes para comprender su dise\u00f1o y funcionamiento.<br \/>\n<strong>2. Uso de software especializado:<\/strong> Te familiarizar\u00e1s con herramientas como Geomagic Design X y otros programas de CAD para crear modelos a partir de datos escaneados.<br \/>\n<strong>3. Generaci\u00f3n de modelos CAD:<\/strong> Desarrollar\u00e1s habilidades para crear modelos CAD param\u00e9tricos a partir de datos escaneados y productos f\u00edsicos.<br \/>\n<strong>4. Documentaci\u00f3n t\u00e9cnica:<\/strong> Aprender\u00e1s a documentar y presentar tus hallazgos y modificaciones de manera efectiva.<br \/>\n<strong>5. Dise\u00f1o para manufactura<\/strong>: Adquirir\u00e1s conocimientos sobre c\u00f3mo dise\u00f1ar productos que sean m\u00e1s f\u00e1ciles y econ\u00f3micos de fabricar.<br \/>\n<strong>6. Metodolog\u00edas de prueba y validaci\u00f3n<\/strong>: Ser\u00e1s capaz de implementar pruebas para validar el rendimiento de productos modificados o nuevos.<br \/>\n<strong>7. Aplicaciones en diferentes industrias<\/strong>: Entender\u00e1s c\u00f3mo aplicar la ingenier\u00eda inversa en diversas \u00e1reas, como manufactura, automoci\u00f3n, y dise\u00f1o de productos.<br \/>\nEste entrenamiento te proporcionar\u00e1 herramientas valiosas para innovar y mejorar productos en un entorno profesional.<\/p>\n<p>[\/vc_column_text][\/vc_column][\/vc_row][vc_row css=&#8221;.vc_custom_1765580342341{margin-top: 4% !important;}&#8221; conditional_render=&#8221;%5B%7B%22value_role%22%3A%22administrator%22%7D%5D&#8221;][vc_column][vc_column_text]<\/p>\n<p style=\"text-align: center;\"><a style=\"text-decoration: none;\" href=\"https:\/\/ecoweb.com.co\/servicios3d\/entrenamiento\/\" target=\"_blank\" rel=\"noopener\"><span class=\"ver\">Ver m\u00e1s cursos <\/span><\/a><\/p>\n<p>[\/vc_column_text][\/vc_column][\/vc_row]<\/p>\n<\/div>","protected":false},"excerpt":{"rendered":"<p>[vc_row content_placement=&#8221;middle&#8221; css=&#8221;.vc_custom_1765579251229{margin-top: 3% !important;}&#8221; conditional_render=&#8221;%5B%7B%22value_role%22%3A%22administrator%22%7D%5D&#8221;][vc_column width=&#8221;1\/2&#8243; css=&#8221;.vc_custom_1765579180160{background-position: center !important;background-repeat: no-repeat !important;background-size: cover !important;}&#8221; conditional_render=&#8221;%5B%7B%22value_role%22%3A%22administrator%22%7D%5D&#8221;][vc_column_text][\/vc_column_text][\/vc_column][vc_column width=&#8221;1\/2&#8243; css=&#8221;.vc_custom_1765579298144{padding-top: 1% !important;}&#8221; conditional_render=&#8221;%5B%7B%22value_role%22%3A%22administrator%22%7D%5D&#8221;][vc_column_text] Curso de ingenier\u00eda inversa [\/vc_column_text][vc_column_text css=&#8221;.vc_custom_1765580474408{margin-top: -2% !important;}&#8221;]&#8221;Transforma Escaneos 3D en Modelos CAD con Precisi\u00f3n y Eficiencia&#8221; Objetivo: Capacitar a los participantes en ingenier\u00eda inversa , incluyendo el postprocesamiento de mallas y modelado de superficies. [&hellip;]<\/p>\n","protected":false},"author":1,"featured_media":0,"parent":0,"menu_order":0,"comment_status":"closed","ping_status":"closed","template":"","meta":{"_joinchat":[],"footnotes":""},"class_list":["post-326","page","type-page","status-publish","hentry"],"_links":{"self":[{"href":"https:\/\/ecoweb.com.co\/servicios3d\/wp-json\/wp\/v2\/pages\/326","targetHints":{"allow":["GET"]}}],"collection":[{"href":"https:\/\/ecoweb.com.co\/servicios3d\/wp-json\/wp\/v2\/pages"}],"about":[{"href":"https:\/\/ecoweb.com.co\/servicios3d\/wp-json\/wp\/v2\/types\/page"}],"author":[{"embeddable":true,"href":"https:\/\/ecoweb.com.co\/servicios3d\/wp-json\/wp\/v2\/users\/1"}],"replies":[{"embeddable":true,"href":"https:\/\/ecoweb.com.co\/servicios3d\/wp-json\/wp\/v2\/comments?post=326"}],"version-history":[{"count":13,"href":"https:\/\/ecoweb.com.co\/servicios3d\/wp-json\/wp\/v2\/pages\/326\/revisions"}],"predecessor-version":[{"id":456,"href":"https:\/\/ecoweb.com.co\/servicios3d\/wp-json\/wp\/v2\/pages\/326\/revisions\/456"}],"wp:attachment":[{"href":"https:\/\/ecoweb.com.co\/servicios3d\/wp-json\/wp\/v2\/media?parent=326"}],"curies":[{"name":"wp","href":"https:\/\/api.w.org\/{rel}","templated":true}]}}