{"id":7,"date":"2026-04-23T11:04:17","date_gmt":"2026-04-23T16:04:17","guid":{"rendered":"https:\/\/ecoweb.com.co\/marquillasmariluz\/?page_id=7"},"modified":"2026-04-24T16:16:06","modified_gmt":"2026-04-24T21:16:06","slug":"inicio","status":"publish","type":"page","link":"https:\/\/ecoweb.com.co\/marquillasmariluz\/","title":{"rendered":"Inicio"},"content":{"rendered":"<div class=\"wpb-content-wrapper\"><p>[vc_row full_width=&#8221;stretch_row_content_no_spaces&#8221; css=&#8221;.vc_custom_1776964244000{margin-top: -20px !important;}&#8221; conditional_render=&#8221;%5B%7B%22value_role%22%3A%22administrator%22%7D%5D&#8221;][vc_column][rev_slider_vc alias=&#8221;inicio&#8221;][\/vc_column][\/vc_row][vc_row css=&#8221;.vc_custom_1776967300256{padding-top: 3% !important;padding-right: 4% !important;padding-bottom: 3% !important;padding-left: 4% !important;background-color: #ffffff !important;border-radius: 15px !important;}&#8221; conditional_render=&#8221;%5B%7B%22value_role%22%3A%22administrator%22%7D%5D&#8221; el_class=&#8221;marca&#8221;][vc_column width=&#8221;1\/4&#8243;]<div class=\"porto-sicon-box  wpb_custom_6bd3ea43243bb56571d580d187f8d1d7 style_1 top-icon\" data-appear-animation=\"zoomIn\"><div class=\"porto-sicon-top\"><div class=\"porto-just-icon-wrapper porto-icon none\" style=\"color:#ed8b24;font-size:32px;\"><i class=\"fas fa-headphones-alt\"><\/i><\/div><\/div><div class=\"porto-sicon-header\"><h3 class=\"porto-sicon-title\" style=\"\">Atenci\u00f3n exclusiva<\/h3><p>Tu satisfacci\u00f3n es nuestra misi\u00f3n principal.<\/p><\/div> <!-- header --><\/div><!-- porto-sicon-box -->[\/vc_column][vc_column width=&#8221;1\/4&#8243;]<div class=\"porto-sicon-box  wpb_custom_6bd3ea43243bb56571d580d187f8d1d7 style_1 top-icon\" data-appear-animation=\"zoomIn\"><div class=\"porto-sicon-top\"><div class=\"porto-just-icon-wrapper porto-icon none\" style=\"color:#ed8b24;font-size:32px;\"><i class=\"fas fa-award\"><\/i><\/div><\/div><div class=\"porto-sicon-header\"><h3 class=\"porto-sicon-title\" style=\"\">Calidad Garantizada<\/h3><p>La durabilidad y la calidad son nuestra prioridad.<\/p><\/div> <!-- header --><\/div><!-- porto-sicon-box -->[\/vc_column][vc_column width=&#8221;1\/4&#8243;]<div class=\"porto-sicon-box  wpb_custom_6bd3ea43243bb56571d580d187f8d1d7 style_1 top-icon\" data-appear-animation=\"zoomIn\"><div class=\"porto-sicon-top\"><div class=\"porto-just-icon-wrapper porto-icon none\" style=\"color:#ed8b24;font-size:32px;\"><i class=\"fas fa-sign-out-alt\"><\/i><\/div><\/div><div class=\"porto-sicon-header\"><h3 class=\"porto-sicon-title\" style=\"\">Producci\u00f3n R\u00e1pida<\/h3><p>Entendemos la importancia de cumplir con plazos ajustados.<\/p><\/div> <!-- header --><\/div><!-- porto-sicon-box -->[\/vc_column][vc_column width=&#8221;1\/4&#8243;]<div class=\"porto-sicon-box  wpb_custom_6bd3ea43243bb56571d580d187f8d1d7 style_1 top-icon\" data-appear-animation=\"zoomIn\"><div class=\"porto-sicon-top\"><div class=\"porto-just-icon-wrapper porto-icon none\" style=\"color:#ed8b24;font-size:32px;\"><i class=\"fas fa-hand-holding-usd\"><\/i><\/div><\/div><div class=\"porto-sicon-header\"><h3 class=\"porto-sicon-title\" style=\"\">Pagos Seguros<\/h3><p>Puedes confiar en que tus pagos est\u00e1n protegidos.<\/p><\/div> <!-- header --><\/div><!-- porto-sicon-box -->[\/vc_column][\/vc_row][vc_row content_placement=&#8221;middle&#8221; css=&#8221;.vc_custom_1777052563988{margin-top: 6% !important;}&#8221; conditional_render=&#8221;%5B%7B%22value_role%22%3A%22administrator%22%7D%5D&#8221; el_id=&#8221;nosotros&#8221;][vc_column width=&#8221;1\/2&#8243;][vc_single_image image=&#8221;154&#8243; img_size=&#8221;full&#8221; alignment=&#8221;center&#8221; style=&#8221;vc_box_rounded&#8221; animation_type=&#8221;fadeInLeft&#8221;][\/vc_column][vc_column width=&#8221;1\/2&#8243; css=&#8221;.vc_custom_1776968671716{padding-left: 3% !important;}&#8221; conditional_render=&#8221;%5B%7B%22value_role%22%3A%22administrator%22%7D%5D&#8221;][vc_column_text css_animation=&#8221;fadeInRight&#8221;]<\/p>\n<p class=\"titulo\" style=\"text-align: left; font-size: 32pt;\"><strong>Marquillas Mariluz<\/strong><\/p>\n<p>[\/vc_column_text][vc_column_text css_animation=&#8221;fadeInRight&#8221;]<\/p>\n<p style=\"text-align: left; font-size: 12pt;\">Somos una de las mejores opciones en el mercado de publicidad, dise\u00f1o y marquillas. Brindando soluciones integrales para satisfacer la demanda de las peque\u00f1as, medianas y grandes empresas, a fin de contribuir con las necesidades y la optimizaci\u00f3n de sus productos.<\/p>\n<p>[\/vc_column_text][vc_column_text css_animation=&#8221;fadeInRight&#8221;]<\/p>\n<p style=\"text-align: left;\"><a style=\"text-decoration: none;\" href=\"https:\/\/api.whatsapp.com\/send\/?phone=573155761346&amp;text=Hola+%2AMarquillas+Mariluz%2A.+Necesito+m%C3%A1s+informaci%C3%B3n+sobre+sus+servicios&amp;type=phone_number&amp;app_absent=0\" target=\"_blank\" rel=\"noopener\"><span class=\"ver\">M\u00e1s informaci\u00f3n<\/span><\/a><\/p>\n<p>[\/vc_column_text][\/vc_column][\/vc_row][vc_row full_width=&#8221;stretch_row_content_no_spaces&#8221; css_animation=&#8221;zoomIn&#8221; el_class=&#8221;seo-block-home text-center color-white&#8221; css=&#8221;.vc_custom_1777052612254{margin-top: 3% !important;padding-bottom: 7% !important;}&#8221; conditional_render=&#8221;%5B%7B%22value_role%22%3A%22administrator%22%7D%5D&#8221; el_id=&#8221;servicios&#8221;][vc_column][vc_column_text css_animation=&#8221;fadeInRight&#8221;]<\/p>\n<p class=\"titulo\" style=\"font-size: 32pt; text-align: center;\"><strong>Nuestros servicios<\/strong><\/p>\n<p style=\"text-align: center; font-size: 13pt;\">Cada marca es importante para nosotros.<\/p>\n<p>[\/vc_column_text][\/vc_column][\/vc_row][vc_row full_width=&#8221;stretch_row_content_no_spaces&#8221; css=&#8221;.vc_custom_1777043982703{margin-top: -6% !important;padding-right: 5% !important;padding-left: 5% !important;}&#8221; conditional_render=&#8221;%5B%7B%22value_role%22%3A%22administrator%22%7D%5D&#8221;][vc_column conditional_render=&#8221;%5B%7B%22value_role%22%3A%22administrator%22%7D%5D&#8221;]<div class=\"porto-carousel owl-carousel has-ccols has-ccols-spacing ccols-xl-4 ccols-lg-4 ccols-md-3 ccols-sm-2 ccols-1 wpb_custom_53544def438f156dbcdc7bf24de3d831 nav-pos-outside nav-style-1\" data-plugin-options=\"{&quot;themeConfig&quot;:true,&quot;stagePadding&quot;:0,&quot;margin&quot;:10,&quot;autoplay&quot;:&quot;yes&quot;,&quot;mouseDrag&quot;:true,&quot;touchDrag&quot;:true,&quot;autoplayTimeout&quot;:5000,&quot;autoplayHoverPause&quot;:false,&quot;items&quot;:4,&quot;xl&quot;:4,&quot;lg&quot;:4,&quot;md&quot;:3,&quot;sm&quot;:2,&quot;xs&quot;:1,&quot;nav&quot;:&quot;yes&quot;,&quot;dots&quot;:false,&quot;animateIn&quot;:&quot;&quot;,&quot;animateOut&quot;:&quot;&quot;,&quot;loop&quot;:&quot;yes&quot;,&quot;center&quot;:false,&quot;video&quot;:false,&quot;lazyLoad&quot;:false,&quot;fullscreen&quot;:false}\">[vc_row_inner][vc_column_inner][vc_single_image image=&#8221;81&#8243; img_size=&#8221;full&#8221; alignment=&#8221;center&#8221; style=&#8221;vc_box_rounded&#8221;][vc_column_text css=&#8221;.vc_custom_1777065319385{background-color: #e2e2e2 !important;}&#8221; el_class=&#8221;marquillas zoom&#8221;]<\/p>\n<p style=\"text-align: center; font-size: 15pt; font-weight: 600; color: #fff;\">Etiquetas para ropa<\/p>\n<p style=\"text-align: center;\"><a href=\"https:\/\/ecoweb.com.co\/marquillasmariluz\/etiquetas-para-ropa\/\"><span style=\"font-size: 22px; color: #ffffff; border-radius: 31px; padding-left: 3%; padding-right: 4%; padding-bottom: 2%; border: 2px solid;\">\u2192<\/span><\/a><\/p>\n<p>[\/vc_column_text][\/vc_column_inner][\/vc_row_inner][vc_row_inner][vc_column_inner][vc_single_image image=&#8221;94&#8243; img_size=&#8221;full&#8221; alignment=&#8221;center&#8221; style=&#8221;vc_box_rounded&#8221;][vc_column_text css=&#8221;.vc_custom_1777065330643{background-color: #e2e2e2 !important;}&#8221; el_class=&#8221;marquillas zoom&#8221;]<\/p>\n<p style=\"text-align: center; font-size: 15pt; font-weight: 600; color: #fff;\">Marquillas<\/p>\n<p style=\"text-align: center;\"><a href=\"https:\/\/ecoweb.com.co\/marquillasmariluz\/marquillas-2\/\"><span style=\"font-size: 22px; color: #ffffff; border-radius: 31px; padding-left: 3%; padding-right: 4%; padding-bottom: 2%; border: 2px solid;\">\u2192<\/span><\/a><\/p>\n<p>[\/vc_column_text][\/vc_column_inner][\/vc_row_inner][vc_row_inner][vc_column_inner][vc_single_image image=&#8221;100&#8243; img_size=&#8221;full&#8221; alignment=&#8221;center&#8221; style=&#8221;vc_box_rounded&#8221;][vc_column_text css=&#8221;.vc_custom_1777065339865{background-color: #e2e2e2 !important;}&#8221; el_class=&#8221;marquillas zoom&#8221;]<\/p>\n<p style=\"text-align: center; font-size: 15pt; font-weight: 600; color: #fff;\">Volantes<\/p>\n<p style=\"text-align: center;\"><a href=\"https:\/\/ecoweb.com.co\/marquillasmariluz\/volantes\/\"><span style=\"font-size: 22px; color: #ffffff; border-radius: 31px; padding-left: 3%; padding-right: 4%; padding-bottom: 2%; border: 2px solid;\">\u2192<\/span><\/a><\/p>\n<p>[\/vc_column_text][\/vc_column_inner][\/vc_row_inner][vc_row_inner][vc_column_inner][vc_single_image image=&#8221;118&#8243; img_size=&#8221;full&#8221; alignment=&#8221;center&#8221; style=&#8221;vc_box_rounded&#8221;][vc_column_text css=&#8221;.vc_custom_1777043210364{background-color: #e2e2e2 !important;}&#8221; el_class=&#8221;marquillas zoom&#8221;]<\/p>\n<p style=\"text-align: center; font-size: 15pt; font-weight: 600; color: #fff;\">Stickers<\/p>\n<p style=\"text-align: center;\"><span style=\"font-size: 22px; color: #ffffff; border-radius: 31px; padding-left: 3%; padding-right: 4%; padding-bottom: 2%; border: 2px solid;\">\u2192<\/span><\/p>\n<p>[\/vc_column_text][\/vc_column_inner][\/vc_row_inner][vc_row_inner][vc_column_inner][vc_single_image image=&#8221;122&#8243; img_size=&#8221;full&#8221; alignment=&#8221;center&#8221; style=&#8221;vc_box_rounded&#8221;][vc_column_text css=&#8221;.vc_custom_1777065355659{background-color: #e2e2e2 !important;}&#8221; el_class=&#8221;marquillas zoom&#8221;]<\/p>\n<p style=\"text-align: center; font-size: 15pt; font-weight: 600; color: #fff;\">Talonarios<\/p>\n<p style=\"text-align: center;\"><a href=\"https:\/\/ecoweb.com.co\/marquillasmariluz\/talonarios\/\"><span style=\"font-size: 22px; color: #ffffff; border-radius: 31px; padding-left: 3%; padding-right: 4%; padding-bottom: 2%; border: 2px solid;\">\u2192<\/span><\/a><\/p>\n<p>[\/vc_column_text][\/vc_column_inner][\/vc_row_inner][vc_row_inner][vc_column_inner][vc_single_image image=&#8221;124&#8243; img_size=&#8221;full&#8221; alignment=&#8221;center&#8221; style=&#8221;vc_box_rounded&#8221;][vc_column_text css=&#8221;.vc_custom_1777043240227{background-color: #e2e2e2 !important;}&#8221; el_class=&#8221;marquillas zoom&#8221;]<\/p>\n<p style=\"text-align: center; font-size: 15pt; font-weight: 600; color: #fff;\">Pendones<\/p>\n<p style=\"text-align: center;\"><span style=\"font-size: 22px; color: #ffffff; border-radius: 31px; padding-left: 3%; padding-right: 4%; padding-bottom: 2%; border: 2px solid;\">\u2192<\/span><\/p>\n<p>[\/vc_column_text][\/vc_column_inner][\/vc_row_inner][vc_row_inner][vc_column_inner][vc_single_image image=&#8221;128&#8243; img_size=&#8221;full&#8221; alignment=&#8221;center&#8221; style=&#8221;vc_box_rounded&#8221;][vc_column_text css=&#8221;.vc_custom_1777043899419{background-color: #e2e2e2 !important;}&#8221; el_class=&#8221;marquillas zoom&#8221;]<\/p>\n<p style=\"text-align: center; font-size: 15pt; font-weight: 600; color: #fff;\">Bolsas<\/p>\n<p style=\"text-align: center;\"><span style=\"font-size: 22px; color: #ffffff; border-radius: 31px; padding-left: 3%; padding-right: 4%; padding-bottom: 2%; border: 2px solid;\">\u2192<\/span><\/p>\n<p>[\/vc_column_text][\/vc_column_inner][\/vc_row_inner][vc_row_inner][vc_column_inner][vc_single_image image=&#8221;137&#8243; img_size=&#8221;full&#8221; alignment=&#8221;center&#8221; style=&#8221;vc_box_rounded&#8221;][vc_column_text css=&#8221;.vc_custom_1777046314793{background-color: #e2e2e2 !important;}&#8221; el_class=&#8221;marquillas zoom&#8221;]<\/p>\n<p style=\"text-align: center; font-size: 15pt; font-weight: 600; color: #fff;\">Garras<\/p>\n<p style=\"text-align: center;\"><span style=\"font-size: 22px; color: #ffffff; border-radius: 31px; padding-left: 3%; padding-right: 4%; padding-bottom: 2%; border: 2px solid;\">\u2192<\/span><\/p>\n<p>[\/vc_column_text][\/vc_column_inner][\/vc_row_inner][vc_row_inner][vc_column_inner][vc_single_image image=&#8221;145&#8243; img_size=&#8221;full&#8221; alignment=&#8221;center&#8221; style=&#8221;vc_box_rounded&#8221;][vc_column_text css=&#8221;.vc_custom_1777046784953{background-color: #e2e2e2 !important;}&#8221; el_class=&#8221;marquillas zoom&#8221;]<\/p>\n<p style=\"text-align: center; font-size: 15pt; font-weight: 600; color: #fff;\">Tarjetas<\/p>\n<p style=\"text-align: center;\"><span style=\"font-size: 22px; color: #ffffff; border-radius: 31px; padding-left: 3%; padding-right: 4%; padding-bottom: 2%; border: 2px solid;\">\u2192<\/span><\/p>\n<p>[\/vc_column_text][\/vc_column_inner][\/vc_row_inner][vc_row_inner][vc_column_inner][vc_single_image image=&#8221;138&#8243; img_size=&#8221;full&#8221; alignment=&#8221;center&#8221; style=&#8221;vc_box_rounded&#8221;][vc_column_text css=&#8221;.vc_custom_1777046930912{background-color: #e2e2e2 !important;}&#8221; el_class=&#8221;marquillas zoom&#8221;]<\/p>\n<p style=\"text-align: center; font-size: 15pt; font-weight: 600; color: #fff;\">Imanes<\/p>\n<p style=\"text-align: center;\"><span style=\"font-size: 22px; color: #ffffff; border-radius: 31px; padding-left: 3%; padding-right: 4%; padding-bottom: 2%; border: 2px solid;\">\u2192<\/span><\/p>\n<p>[\/vc_column_text][\/vc_column_inner][\/vc_row_inner][vc_row_inner][vc_column_inner][vc_single_image image=&#8221;139&#8243; img_size=&#8221;full&#8221; alignment=&#8221;center&#8221; style=&#8221;vc_box_rounded&#8221;][vc_column_text css=&#8221;.vc_custom_1777047052032{background-color: #e2e2e2 !important;}&#8221; el_class=&#8221;marquillas zoom&#8221;]<\/p>\n<p style=\"text-align: center; font-size: 15pt; font-weight: 600; color: #fff;\">Souvenirs<\/p>\n<p style=\"text-align: center;\"><span style=\"font-size: 22px; color: #ffffff; border-radius: 31px; padding-left: 3%; padding-right: 4%; padding-bottom: 2%; border: 2px solid;\">\u2192<\/span><\/p>\n<p>[\/vc_column_text][\/vc_column_inner][\/vc_row_inner][vc_row_inner][vc_column_inner][vc_single_image image=&#8221;133&#8243; img_size=&#8221;full&#8221; alignment=&#8221;center&#8221; style=&#8221;vc_box_rounded&#8221;][vc_column_text css=&#8221;.vc_custom_1777047233264{background-color: #e2e2e2 !important;}&#8221; el_class=&#8221;marquillas zoom&#8221;]<\/p>\n<p style=\"text-align: center; font-size: 15pt; font-weight: 600; color: #fff;\">Acr\u00edlicos<\/p>\n<p style=\"text-align: center;\"><span style=\"font-size: 22px; color: #ffffff; border-radius: 31px; padding-left: 3%; padding-right: 4%; padding-bottom: 2%; border: 2px solid;\">\u2192<\/span><\/p>\n<p>[\/vc_column_text][\/vc_column_inner][\/vc_row_inner][vc_row_inner][vc_column_inner][vc_single_image image=&#8221;135&#8243; img_size=&#8221;full&#8221; alignment=&#8221;center&#8221; style=&#8221;vc_box_rounded&#8221;][vc_column_text css=&#8221;.vc_custom_1777047254256{background-color: #e2e2e2 !important;}&#8221; el_class=&#8221;marquillas zoom&#8221;]<\/p>\n<p style=\"text-align: center; font-size: 15pt; font-weight: 600; color: #fff;\">Botones<\/p>\n<p style=\"text-align: center;\"><span style=\"font-size: 22px; color: #ffffff; border-radius: 31px; padding-left: 3%; padding-right: 4%; padding-bottom: 2%; border: 2px solid;\">\u2192<\/span><\/p>\n<p>[\/vc_column_text][\/vc_column_inner][\/vc_row_inner][vc_row_inner][vc_column_inner][vc_single_image image=&#8221;134&#8243; img_size=&#8221;full&#8221; alignment=&#8221;center&#8221; style=&#8221;vc_box_rounded&#8221;][vc_column_text css=&#8221;.vc_custom_1777047295440{background-color: #e2e2e2 !important;}&#8221; el_class=&#8221;marquillas zoom&#8221;]<\/p>\n<p style=\"text-align: center; font-size: 15pt; font-weight: 600; color: #fff;\">Apliques<\/p>\n<p style=\"text-align: center;\"><span style=\"font-size: 22px; color: #ffffff; border-radius: 31px; padding-left: 3%; padding-right: 4%; padding-bottom: 2%; border: 2px solid;\">\u2192<\/span><\/p>\n<p>[\/vc_column_text][\/vc_column_inner][\/vc_row_inner][vc_row_inner][vc_column_inner][vc_single_image image=&#8221;136&#8243; img_size=&#8221;full&#8221; alignment=&#8221;center&#8221; style=&#8221;vc_box_rounded&#8221;][vc_column_text css=&#8221;.vc_custom_1777047500737{background-color: #e2e2e2 !important;}&#8221; el_class=&#8221;marquillas zoom&#8221;]<\/p>\n<p style=\"text-align: center; font-size: 15pt; font-weight: 600; color: #fff;\">\nDTFS<\/p>\n<p style=\"text-align: center;\"><span style=\"font-size: 22px; color: #ffffff; border-radius: 31px; padding-left: 3%; padding-right: 4%; padding-bottom: 2%; border: 2px solid;\">\u2192<\/span><\/p>\n<p>[\/vc_column_text][\/vc_column_inner][\/vc_row_inner]<\/div>[\/vc_column][\/vc_row][vc_row full_width=&#8221;stretch_row_content_no_spaces&#8221; content_placement=&#8221;middle&#8221; css=&#8221;.vc_custom_1777050326510{margin-top: 6% !important;padding-right: 6% !important;padding-left: 6% !important;background-image: url(https:\/\/ecoweb.com.co\/marquillasmariluz\/wp-content\/uploads\/2026\/04\/mn.jpg?id=160) !important;background-position: center !important;background-repeat: no-repeat !important;background-size: cover !important;}&#8221; conditional_render=&#8221;%5B%7B%22value_role%22%3A%22administrator%22%7D%5D&#8221;][vc_column width=&#8221;1\/2&#8243; css=&#8221;.vc_custom_1777050371510{padding-right: 3% !important;}&#8221; conditional_render=&#8221;%5B%7B%22value_role%22%3A%22administrator%22%7D%5D&#8221;][vc_column_text css_animation=&#8221;fadeInRight&#8221;]<\/p>\n<p class=\"titulo\" style=\"text-align: left; font-size: 32pt;\"><strong>20 a\u00f1os de experiencia<\/strong><\/p>\n<p>[\/vc_column_text]<div class=\"porto-sicon-box  wpb_custom_1efe903570d178ff0a9b7bfa5febd3a4 style_1 default-icon\"><div class=\"porto-sicon-default\"><div id=\"porto-icon-140038250869eccd9b56543\" class=\"porto-just-icon-wrapper porto-sicon-img\" style=\"font-size: 68px;\"><img loading=\"lazy\" decoding=\"async\" class=\"img-icon\" alt=\"\" src=\"https:\/\/ecoweb.com.co\/marquillasmariluz\/wp-content\/uploads\/2026\/04\/aa.png\" width=\"265\" height=\"198\" \/><\/div><\/div><div class=\"porto-sicon-header\"><p>Si est\u00e1s empezando con tu empresa o emprendimiento, nosotros te podemos ayudar. Somos Especialistas en productos para la confecci\u00f3n y publicidad.<\/p><\/div> <!-- header --><\/div><!-- porto-sicon-box -->[vc_column_text css_animation=&#8221;fadeInRight&#8221; css=&#8221;.vc_custom_1777050138933{margin-top: 3% !important;}&#8221;]<\/p>\n<p style=\"text-align: left;\"><a style=\"text-decoration: none;\" href=\"#\" rel=\"noopener\"><span class=\"ver\">Solicita tu Dise\u00f1o<\/span><\/a><\/p>\n<p>[\/vc_column_text][\/vc_column][vc_column width=&#8221;1\/2&#8243;][vc_single_image image=&#8221;40&#8243; img_size=&#8221;full&#8221; alignment=&#8221;center&#8221; style=&#8221;vc_box_rounded&#8221; animation_type=&#8221;fadeInLeft&#8221;][\/vc_column][\/vc_row][vc_row full_width=&#8221;stretch_row_content_no_spaces&#8221; css_animation=&#8221;zoomIn&#8221; el_class=&#8221;seo1-block-home text-center color-white&#8221; css=&#8221;.vc_custom_1777052768364{margin-top: 3% !important;margin-bottom: -4% !important;padding-bottom: 7% !important;}&#8221; conditional_render=&#8221;%5B%7B%22value_role%22%3A%22administrator%22%7D%5D&#8221;][vc_column][vc_column_text css_animation=&#8221;fadeInRight&#8221;]<\/p>\n<p class=\"titulo\" style=\"font-size: 32pt; text-align: center;\"><strong>Haz que tu marca destaque hoy mismo<\/strong><\/p>\n<p style=\"text-align: center; font-size: 13pt;\">Cont\u00e1ctanos para obtener una consulta gratuita y descubre c\u00f3mo<br \/>\npodemos ayudarte a lograr una impresi\u00f3n duradera.<\/p>\n<p>[\/vc_column_text][vc_column_text css_animation=&#8221;fadeInRight&#8221; css=&#8221;.vc_custom_1777050916644{margin-top: 3% !important;}&#8221;]<\/p>\n<p style=\"text-align: center;\"><a style=\"text-decoration: none;\" href=\"#\" rel=\"noopener\"><span class=\"ver1\">Solicita una consulta<\/span><\/a><\/p>\n<p>[\/vc_column_text][\/vc_column][\/vc_row]<\/p>\n<\/div>","protected":false},"excerpt":{"rendered":"<p>[vc_row full_width=&#8221;stretch_row_content_no_spaces&#8221; css=&#8221;.vc_custom_1776964244000{margin-top: -20px !important;}&#8221; conditional_render=&#8221;%5B%7B%22value_role%22%3A%22administrator%22%7D%5D&#8221;][vc_column][rev_slider_vc alias=&#8221;inicio&#8221;][\/vc_column][\/vc_row][vc_row css=&#8221;.vc_custom_1776967300256{padding-top: 3% !important;padding-right: 4% !important;padding-bottom: 3% !important;padding-left: 4% !important;background-color: #ffffff !important;border-radius: 15px !important;}&#8221; conditional_render=&#8221;%5B%7B%22value_role%22%3A%22administrator%22%7D%5D&#8221; el_class=&#8221;marca&#8221;][vc_column width=&#8221;1\/4&#8243;][\/vc_column][vc_column width=&#8221;1\/4&#8243;][\/vc_column][vc_column width=&#8221;1\/4&#8243;][\/vc_column][vc_column width=&#8221;1\/4&#8243;][\/vc_column][\/vc_row][vc_row content_placement=&#8221;middle&#8221; css=&#8221;.vc_custom_1777052563988{margin-top: 6% !important;}&#8221; conditional_render=&#8221;%5B%7B%22value_role%22%3A%22administrator%22%7D%5D&#8221; el_id=&#8221;nosotros&#8221;][vc_column width=&#8221;1\/2&#8243;][vc_single_image image=&#8221;154&#8243; img_size=&#8221;full&#8221; alignment=&#8221;center&#8221; style=&#8221;vc_box_rounded&#8221; animation_type=&#8221;fadeInLeft&#8221;][\/vc_column][vc_column width=&#8221;1\/2&#8243; css=&#8221;.vc_custom_1776968671716{padding-left: 3% !important;}&#8221; conditional_render=&#8221;%5B%7B%22value_role%22%3A%22administrator%22%7D%5D&#8221;][vc_column_text css_animation=&#8221;fadeInRight&#8221;] Marquillas Mariluz [\/vc_column_text][vc_column_text css_animation=&#8221;fadeInRight&#8221;] Somos una de las mejores opciones en [&hellip;]<\/p>\n","protected":false},"author":1,"featured_media":0,"parent":0,"menu_order":0,"comment_status":"closed","ping_status":"closed","template":"","meta":{"_joinchat":[],"footnotes":""},"class_list":["post-7","page","type-page","status-publish","hentry"],"_links":{"self":[{"href":"https:\/\/ecoweb.com.co\/marquillasmariluz\/wp-json\/wp\/v2\/pages\/7","targetHints":{"allow":["GET"]}}],"collection":[{"href":"https:\/\/ecoweb.com.co\/marquillasmariluz\/wp-json\/wp\/v2\/pages"}],"about":[{"href":"https:\/\/ecoweb.com.co\/marquillasmariluz\/wp-json\/wp\/v2\/types\/page"}],"author":[{"embeddable":true,"href":"https:\/\/ecoweb.com.co\/marquillasmariluz\/wp-json\/wp\/v2\/users\/1"}],"replies":[{"embeddable":true,"href":"https:\/\/ecoweb.com.co\/marquillasmariluz\/wp-json\/wp\/v2\/comments?post=7"}],"version-history":[{"count":64,"href":"https:\/\/ecoweb.com.co\/marquillasmariluz\/wp-json\/wp\/v2\/pages\/7\/revisions"}],"predecessor-version":[{"id":398,"href":"https:\/\/ecoweb.com.co\/marquillasmariluz\/wp-json\/wp\/v2\/pages\/7\/revisions\/398"}],"wp:attachment":[{"href":"https:\/\/ecoweb.com.co\/marquillasmariluz\/wp-json\/wp\/v2\/media?parent=7"}],"curies":[{"name":"wp","href":"https:\/\/api.w.org\/{rel}","templated":true}]}}