{"id":12,"date":"2026-04-20T17:32:43","date_gmt":"2026-04-20T22:32:43","guid":{"rendered":"https:\/\/ecoweb.com.co\/marmolesypiedrasas\/?page_id=12"},"modified":"2026-04-22T18:00:13","modified_gmt":"2026-04-22T23:00:13","slug":"venta-de-marmol-nacional-e-importado","status":"publish","type":"page","link":"https:\/\/ecoweb.com.co\/marmolesypiedrasas\/venta-de-marmol-nacional-e-importado\/","title":{"rendered":"Venta de m\u00e1rmol nacional e importado"},"content":{"rendered":"<div class=\"wpb-content-wrapper\"><p>[vc_row full_width=&#8221;stretch_row_content_no_spaces&#8221; css=&#8221;.vc_custom_1776897740380{margin-top: -20px !important;}&#8221; conditional_render=&#8221;%5B%7B%22value_role%22%3A%22administrator%22%7D%5D&#8221;][vc_column][rev_slider_vc alias=&#8221;inicio2&#8243;][\/vc_column][\/vc_row][vc_row content_placement=&#8221;middle&#8221; css=&#8221;.vc_custom_1776876695777{margin-top: 3% !important;}&#8221; conditional_render=&#8221;%5B%7B%22value_role%22%3A%22administrator%22%7D%5D&#8221;][vc_column width=&#8221;1\/2&#8243;][vc_single_image image=&#8221;127&#8243; img_size=&#8221;full&#8221; alignment=&#8221;center&#8221; label=&#8221;&#8221;][\/vc_column][vc_column width=&#8221;1\/2&#8243;][vc_column_text css_animation=&#8221;fadeInRight&#8221;]<\/p>\n<p class=\"titulo\" style=\"text-align: left; font-size: 27pt; font-weight: bold; font-family: 'Playfair Display'; line-height: 1;\">Venta de m\u00e1rmol en Medell\u00edn &#8211; M\u00e1rmol importado de Italia y Espa\u00f1a<\/p>\n<p>[\/vc_column_text][vc_column_text css_animation=&#8221;fadeInRight&#8221;]<\/p>\n<p style=\"text-align: left;\">Ofrecemos venta de m\u00e1rmol nacional e importado de alta calidad, con importaci\u00f3n directa desde Italia y Espa\u00f1a.<\/p>\n<p style=\"text-align: left;\"><strong>Contamos con variedad en:<\/strong><br \/>\n\u2022 Colores<br \/>\n\u2022 Texturas<br \/>\n\u2022 Acabados<br \/>\n\u2022 Dise\u00f1os exclusivos<\/p>\n<p>[\/vc_column_text][vc_column_text css_animation=&#8221;fadeInRight&#8221;]<\/p>\n<p style=\"text-align: left;\"><a style=\"text-decoration: none;\" href=\"#\" rel=\"noopener\"><span class=\"ver\"><img loading=\"lazy\" decoding=\"async\" class=\"alignnone wp-image-76\" src=\"https:\/\/ecoweb.com.co\/marmolesypiedrasas\/wp-content\/uploads\/2026\/04\/wpp.png\" alt=\"\" width=\"23\" height=\"23\" \/> Solicitar cotizaci\u00f3n por WhatsApp<\/span><\/a><\/p>\n<p>[\/vc_column_text][\/vc_column][\/vc_row][vc_row content_placement=&#8221;middle&#8221; css=&#8221;.vc_custom_1776898004817{margin-top: 3% !important;margin-bottom: 3% !important;}&#8221; conditional_render=&#8221;%5B%7B%22value_role%22%3A%22administrator%22%7D%5D&#8221;][vc_column width=&#8221;1\/2&#8243; el_class=&#8221;procesos&#8221; conditional_render=&#8221;%5B%7B%22value_role%22%3A%22administrator%22%7D%5D&#8221; css=&#8221;.vc_custom_1776878677895{margin-right: 1% !important;}&#8221;][vc_column_text css_animation=&#8221;fadeInRight&#8221;]<\/p>\n<p style=\"text-align: left; font-size: 30pt; font-weight: bold; font-family: 'Playfair Display';\">Dirigido a<\/p>\n<p>[\/vc_column_text][vc_column_text css_animation=&#8221;fadeInRight&#8221;]<\/p>\n<p style=\"text-align: left;\">\u2022\tArquitectos<br \/>\n\u2022\tDise\u00f1adores<br \/>\n\u2022\tConstructoras<br \/>\n\u2022\tClientes finales\n<\/p>\n<p>[\/vc_column_text][\/vc_column][vc_column width=&#8221;1\/2&#8243; el_class=&#8221;procesos&#8221; conditional_render=&#8221;%5B%7B%22value_role%22%3A%22administrator%22%7D%5D&#8221;][vc_column_text css_animation=&#8221;fadeInRight&#8221;]<\/p>\n<p style=\"text-align: left; font-size: 30pt; font-weight: bold; font-family: 'Playfair Display';\">Beneficios<\/p>\n<p>[\/vc_column_text][vc_column_text css_animation=&#8221;fadeInRight&#8221;]<\/p>\n<p style=\"text-align: left;\">\u2022\tMaterial exclusivo y premium<br \/>\n\u2022\tAmplia variedad de opciones<br \/>\n\u2022\tAsesor\u00eda en selecci\u00f3n de materiales<br \/>\n\u2022\tSoluciones para proyectos personalizados\n<\/p>\n<p>[\/vc_column_text][\/vc_column][\/vc_row]<\/p>\n<\/div>","protected":false},"excerpt":{"rendered":"<p>[vc_row full_width=&#8221;stretch_row_content_no_spaces&#8221; css=&#8221;.vc_custom_1776897740380{margin-top: -20px !important;}&#8221; conditional_render=&#8221;%5B%7B%22value_role%22%3A%22administrator%22%7D%5D&#8221;][vc_column][rev_slider_vc alias=&#8221;inicio2&#8243;][\/vc_column][\/vc_row][vc_row content_placement=&#8221;middle&#8221; css=&#8221;.vc_custom_1776876695777{margin-top: 3% !important;}&#8221; conditional_render=&#8221;%5B%7B%22value_role%22%3A%22administrator%22%7D%5D&#8221;][vc_column width=&#8221;1\/2&#8243;][vc_single_image image=&#8221;127&#8243; img_size=&#8221;full&#8221; alignment=&#8221;center&#8221; label=&#8221;&#8221;][\/vc_column][vc_column width=&#8221;1\/2&#8243;][vc_column_text css_animation=&#8221;fadeInRight&#8221;] Venta de m\u00e1rmol en Medell\u00edn &#8211; M\u00e1rmol importado de Italia y Espa\u00f1a [\/vc_column_text][vc_column_text css_animation=&#8221;fadeInRight&#8221;] Ofrecemos venta de m\u00e1rmol nacional e importado de alta calidad, con importaci\u00f3n directa desde Italia y Espa\u00f1a. Contamos con variedad en: \u2022 [&hellip;]<\/p>\n","protected":false},"author":1,"featured_media":0,"parent":0,"menu_order":0,"comment_status":"closed","ping_status":"closed","template":"","meta":{"footnotes":""},"class_list":["post-12","page","type-page","status-publish","hentry"],"_links":{"self":[{"href":"https:\/\/ecoweb.com.co\/marmolesypiedrasas\/wp-json\/wp\/v2\/pages\/12","targetHints":{"allow":["GET"]}}],"collection":[{"href":"https:\/\/ecoweb.com.co\/marmolesypiedrasas\/wp-json\/wp\/v2\/pages"}],"about":[{"href":"https:\/\/ecoweb.com.co\/marmolesypiedrasas\/wp-json\/wp\/v2\/types\/page"}],"author":[{"embeddable":true,"href":"https:\/\/ecoweb.com.co\/marmolesypiedrasas\/wp-json\/wp\/v2\/users\/1"}],"replies":[{"embeddable":true,"href":"https:\/\/ecoweb.com.co\/marmolesypiedrasas\/wp-json\/wp\/v2\/comments?post=12"}],"version-history":[{"count":4,"href":"https:\/\/ecoweb.com.co\/marmolesypiedrasas\/wp-json\/wp\/v2\/pages\/12\/revisions"}],"predecessor-version":[{"id":128,"href":"https:\/\/ecoweb.com.co\/marmolesypiedrasas\/wp-json\/wp\/v2\/pages\/12\/revisions\/128"}],"wp:attachment":[{"href":"https:\/\/ecoweb.com.co\/marmolesypiedrasas\/wp-json\/wp\/v2\/media?parent=12"}],"curies":[{"name":"wp","href":"https:\/\/api.w.org\/{rel}","templated":true}]}}