{"id":7,"date":"2026-02-23T08:25:03","date_gmt":"2026-02-23T13:25:03","guid":{"rendered":"https:\/\/ecoweb.com.co\/foncalima\/?page_id=7"},"modified":"2026-03-17T09:21:48","modified_gmt":"2026-03-17T14:21:48","slug":"inicio","status":"publish","type":"page","link":"https:\/\/ecoweb.com.co\/foncalima\/","title":{"rendered":"Inicio"},"content":{"rendered":"<div class=\"wpb-content-wrapper\"><p>[vc_row full_width=&#8221;stretch_row_content_no_spaces&#8221; css=&#8221;.vc_custom_1771860964258{margin-top: -20px !important;}&#8221; conditional_render=&#8221;%5B%7B%22value_role%22%3A%22administrator%22%7D%5D&#8221;][vc_column][rev_slider_vc alias=&#8221;inicio&#8221;][\/vc_column][\/vc_row][vc_row css=&#8221;.vc_custom_1772573209373{margin-top: 2% !important;padding-top: 4% !important;padding-bottom: 1% !important;background-image: url(https:\/\/ecoweb.com.co\/foncalima\/wp-content\/uploads\/2026\/03\/fondi.png?id=340) !important;background-position: center !important;background-repeat: no-repeat !important;background-size: cover !important;}&#8221; conditional_render=&#8221;%5B%7B%22value_role%22%3A%22administrator%22%7D%5D&#8221;][vc_column width=&#8221;1\/6&#8243;][\/vc_column][vc_column width=&#8221;2\/3&#8243;][vc_column_text css_animation=&#8221;zoomIn&#8221;]<\/p>\n<p class=\"titulo\" style=\"font-size: 30pt; font-weight: bold; text-align: center;\"><span style=\"color: #ffffff;\">Foncalima le informa<\/span><\/p>\n<p>[\/vc_column_text][vc_column_text css_animation=&#8221;zoomIn&#8221;]<\/p>\n<p style=\"text-align: center;\"><span style=\"color: #ffffff;\">Seg\u00fan el art\u00edculo 30 de los estatutos y con base en los valores vigentes actualizados para el a\u00f1o 2026, los aportes obligatorios mensuales se ajustan de la siguiente manera (basados en el salario m\u00ednimo legal y los indicadores econ\u00f3micos actuales):<\/span><\/p>\n<p>[\/vc_column_text][\/vc_column][vc_column width=&#8221;1\/6&#8243;][\/vc_column][\/vc_row][vc_row css=&#8221;.vc_custom_1773755998174{margin-top: 3% !important;padding-right: 8% !important;padding-left: 8% !important;}&#8221; conditional_render=&#8221;%5B%7B%22value_role%22%3A%22administrator%22%7D%5D&#8221;][vc_column][vc_raw_html]JTNDZGl2JTIwc3R5bGUlM0QlMjJvdmVyZmxvdy14JTNBYXV0byUzQiUyMiUzRSUwQSUyMCUyMCUzQ3RhYmxlJTIwc3R5bGUlM0QlMjJ3aWR0aCUzQTEwMCUyNSUzQiUyMGJvcmRlci1jb2xsYXBzZSUzQSUyMGNvbGxhcHNlJTNCJTIwZm9udC1mYW1pbHklM0ElMjBBcmlhbCUyQyUyMHNhbnMtc2VyaWYlM0IlMjIlM0UlMEElMjAlMjAlMjAlMjAlM0N0aGVhZCUzRSUwQSUyMCUyMCUyMCUyMCUyMCUyMCUzQ3RyJTIwc3R5bGUlM0QlMjJiYWNrZ3JvdW5kLWNvbG9yJTNBJTIzZTljMzEzJTNCJTIyJTNFJTBBJTIwJTIwJTIwJTIwJTIwJTIwJTIwJTIwJTNDdGglMjBzdHlsZSUzRCUyMnBhZGRpbmclM0ExMnB4JTNCJTIwYm9yZGVyJTNBMXB4JTIwc29saWQlMjAlMjNjY2MlM0IlMjB0ZXh0LWFsaWduJTNBY2VudGVyJTNCJTIyJTNFJTBBJTIwJTIwJTIwJTIwJTIwJTIwJTIwJTIwJTIwJTIwUmFuZ28lMjBzYWxhcmlvJTIwJTI4U01NTFYlMjklMEElMjAlMjAlMjAlMjAlMjAlMjAlMjAlMjAlM0MlMkZ0aCUzRSUwQSUyMCUyMCUyMCUyMCUyMCUyMCUyMCUyMCUzQ3RoJTIwc3R5bGUlM0QlMjJwYWRkaW5nJTNBMTJweCUzQiUyMGJvcmRlciUzQTFweCUyMHNvbGlkJTIwJTIzY2NjJTNCJTIwdGV4dC1hbGlnbiUzQWNlbnRlciUzQiUyMiUzRSUwQSUyMCUyMCUyMCUyMCUyMCUyMCUyMCUyMCUyMCUyMEFwb3J0ZXMlMjBzb2NpYWxlcyUyMGZpbmFsJTIwJTI4Q09QJTI5JTBBJTIwJTIwJTIwJTIwJTIwJTIwJTIwJTIwJTNDJTJGdGglM0UlMEElMjAlMjAlMjAlMjAlMjAlMjAlMjAlMjAlM0N0aCUyMHN0eWxlJTNEJTIycGFkZGluZyUzQTEycHglM0IlMjBib3JkZXIlM0ExcHglMjBzb2xpZCUyMCUyM2NjYyUzQiUyMHRleHQtYWxpZ24lM0FjZW50ZXIlM0IlMjIlM0UlMEElMjAlMjAlMjAlMjAlMjAlMjAlMjAlMjAlMjAlMjBBaG9ycm8lMjBwZXJtYW5lbnRlJTIwZmluYWwlMjAlMjhDT1AlMjklMEElMjAlMjAlMjAlMjAlMjAlMjAlMjAlMjAlM0MlMkZ0aCUzRSUwQSUyMCUyMCUyMCUyMCUyMCUyMCUzQyUyRnRyJTNFJTBBJTIwJTIwJTIwJTIwJTNDJTJGdGhlYWQlM0UlMEElMjAlMjAlMjAlMjAlM0N0Ym9keSUzRSUwQSUyMCUyMCUyMCUyMCUyMCUyMCUzQ3RyJTNFJTBBJTIwJTIwJTIwJTIwJTIwJTIwJTIwJTIwJTNDdGQlMjBzdHlsZSUzRCUyMnBhZGRpbmclM0ExMHB4JTNCJTIwYm9yZGVyJTNBMXB4JTIwc29saWQlMjAlMjNjY2MlM0IlMjAlMjAlMjAlMjB0ZXh0LWFsaWduJTNBJTIwY2VudGVyJTNCJTIyJTNFMCUyMCVFMiU4MCU5MyUyMDIlM0MlMkZ0ZCUzRSUwQSUyMCUyMCUyMCUyMCUyMCUyMCUyMCUyMCUzQ3RkJTIwc3R5bGUlM0QlMjJwYWRkaW5nJTNBMTBweCUzQiUyMGJvcmRlciUzQTFweCUyMHNvbGlkJTIwJTIzY2NjJTNCJTIwdGV4dC1hbGlnbiUzQWNlbnRlciUzQiUyMiUzRSUyNDUuMDAwJTNDJTJGdGQlM0UlMEElMjAlMjAlMjAlMjAlMjAlMjAlMjAlMjAlM0N0ZCUyMHN0eWxlJTNEJTIycGFkZGluZyUzQTEwcHglM0IlMjBib3JkZXIlM0ExcHglMjBzb2xpZCUyMCUyM2NjYyUzQiUyMHRleHQtYWxpZ24lM0FjZW50ZXIlM0IlMjIlM0UlMjQ0NC45MDAlM0MlMkZ0ZCUzRSUwQSUyMCUyMCUyMCUyMCUyMCUyMCUzQyUyRnRyJTNFJTBBJTIwJTIwJTIwJTIwJTIwJTIwJTNDdHIlMjBzdHlsZSUzRCUyMmJhY2tncm91bmQtY29sb3IlM0ElMjNmOWY5ZjklM0IlMjIlM0UlMEElMjAlMjAlMjAlMjAlMjAlMjAlMjAlMjAlM0N0ZCUyMHN0eWxlJTNEJTIycGFkZGluZyUzQTEwcHglM0IlMjBib3JkZXIlM0ExcHglMjBzb2xpZCUyMCUyM2NjYyUzQiUyMCUyMCUyMCUyMHRleHQtYWxpZ24lM0ElMjBjZW50ZXIlM0IlMjIlM0UyLjElMjAlRTIlODAlOTMlMjA0JTNDJTJGdGQlM0UlMEElMjAlMjAlMjAlMjAlMjAlMjAlMjAlMjAlM0N0ZCUyMHN0eWxlJTNEJTIycGFkZGluZyUzQTEwcHglM0IlMjBib3JkZXIlM0ExcHglMjBzb2xpZCUyMCUyM2NjYyUzQiUyMHRleHQtYWxpZ24lM0FjZW50ZXIlM0IlMjIlM0UlMjQ3LjkwMCUzQyUyRnRkJTNFJTBBJTIwJTIwJTIwJTIwJTIwJTIwJTIwJTIwJTNDdGQlMjBzdHlsZSUzRCUyMnBhZGRpbmclM0ExMHB4JTNCJTIwYm9yZGVyJTNBMXB4JTIwc29saWQlMjAlMjNjY2MlM0IlMjB0ZXh0LWFsaWduJTNBY2VudGVyJTNCJTIyJTNFJTI0NzAuNTAwJTNDJTJGdGQlM0UlMEElMjAlMjAlMjAlMjAlMjAlMjAlM0MlMkZ0ciUzRSUwQSUyMCUyMCUyMCUyMCUyMCUyMCUzQ3RyJTNFJTBBJTIwJTIwJTIwJTIwJTIwJTIwJTIwJTIwJTNDdGQlMjBzdHlsZSUzRCUyMnBhZGRpbmclM0ExMHB4JTNCJTIwYm9yZGVyJTNBMXB4JTIwc29saWQlMjAlMjNjY2MlM0IlMjAlMjAlMjAlMjB0ZXh0LWFsaWduJTNBJTIwY2VudGVyJTNCJTIyJTNFNC4xJTIwZW4lMjBhZGVsYW50ZSUzQyUyRnRkJTNFJTBBJTIwJTIwJTIwJTIwJTIwJTIwJTIwJTIwJTNDdGQlMjBzdHlsZSUzRCUyMnBhZGRpbmclM0ExMHB4JTNCJTIwYm9yZGVyJTNBMXB4JTIwc29saWQlMjAlMjNjY2MlM0IlMjB0ZXh0LWFsaWduJTNBY2VudGVyJTNCJTIyJTNFJTI0MTAuNzAwJTNDJTJGdGQlM0UlMEElMjAlMjAlMjAlMjAlMjAlMjAlMjAlMjAlM0N0ZCUyMHN0eWxlJTNEJTIycGFkZGluZyUzQTEwcHglM0IlMjBib3JkZXIlM0ExcHglMjBzb2xpZCUyMCUyM2NjYyUzQiUyMHRleHQtYWxpZ24lM0FjZW50ZXIlM0IlMjIlM0UlMjQ5Ni4xMDAlM0MlMkZ0ZCUzRSUwQSUyMCUyMCUyMCUyMCUyMCUyMCUzQyUyRnRyJTNFJTBBJTIwJTIwJTIwJTIwJTNDJTJGdGJvZHklM0UlMEElMjAlMjAlM0MlMkZ0YWJsZSUzRSUwQSUzQyUyRmRpdiUzRQ==[\/vc_raw_html][vc_row_inner][vc_column_inner][vc_column_text css_animation=&#8221;zoomIn&#8221;]<\/p>\n<p class=\"titulo\" style=\"font-size: 30pt; font-weight: bold; text-align: center;\">Tasas de inter\u00e9s<\/p>\n<p>[\/vc_column_text][\/vc_column_inner][\/vc_row_inner][vc_row_inner][vc_column_inner width=&#8221;1\/6&#8243;][\/vc_column_inner][vc_column_inner width=&#8221;2\/3&#8243;][vc_raw_html]JTNDZGl2JTIwc3R5bGUlM0QlMjJvdmVyZmxvdy14JTNBYXV0byUzQiUyMGZvbnQtZmFtaWx5JTNBJTIwQXJpYWwlMkMlMjBzYW5zLXNlcmlmJTNCJTIyJTNFJTBBJTIwJTIwJTNDdGFibGUlMjBzdHlsZSUzRCUyMndpZHRoJTNBMTAwJTI1JTNCJTIwYm9yZGVyLWNvbGxhcHNlJTNBJTIwY29sbGFwc2UlM0IlMjBib3JkZXIlM0EycHglMjBzb2xpZCUyMCUyMzg1Yjk0NSUzQiUyMiUzRSUwQSUyMCUyMCUyMCUyMCUzQ3RoZWFkJTNFJTBBJTIwJTIwJTIwJTIwJTIwJTIwJTNDdHIlMjBzdHlsZSUzRCUyMmJhY2tncm91bmQtY29sb3IlM0ElMjM4NWI5NDUlM0IlMjBjb2xvciUzQSUyM2ZmZmZmZiUzQiUyMiUzRSUwQSUyMCUyMCUyMCUyMCUyMCUyMCUyMCUyMCUzQ3RoJTIwc3R5bGUlM0QlMjJwYWRkaW5nJTNBMTJweCUzQiUyMGJvcmRlciUzQTFweCUyMHNvbGlkJTIwJTIzMDAwJTNCJTIwdGV4dC1hbGlnbiUzQWNlbnRlciUzQiUyMiUzRSUwQSUyMCUyMCUyMCUyMCUyMCUyMCUyMCUyMCUyMCUyMEwlQzMlQURuZWFzJTIwZGUlMjBjciVDMyVBOWRpdG8lMEElMjAlMjAlMjAlMjAlMjAlMjAlMjAlMjAlM0MlMkZ0aCUzRSUwQSUyMCUyMCUyMCUyMCUyMCUyMCUyMCUyMCUzQ3RoJTIwc3R5bGUlM0QlMjJwYWRkaW5nJTNBMTJweCUzQiUyMGJvcmRlciUzQTFweCUyMHNvbGlkJTIwJTIzMDAwJTNCJTIwdGV4dC1hbGlnbiUzQWNlbnRlciUzQiUyMiUzRSUwQSUyMCUyMCUyMCUyMCUyMCUyMCUyMCUyMCUyMCUyMFRBU0ElMEElMjAlMjAlMjAlMjAlMjAlMjAlMjAlMjAlM0MlMkZ0aCUzRSUwQSUyMCUyMCUyMCUyMCUyMCUyMCUzQyUyRnRyJTNFJTBBJTIwJTIwJTIwJTIwJTNDJTJGdGhlYWQlM0UlMEElMjAlMjAlMjAlMjAlM0N0Ym9keSUzRSUwQSUyMCUyMCUyMCUyMCUyMCUyMCUzQ3RyJTNFJTBBJTIwJTIwJTIwJTIwJTIwJTIwJTIwJTIwJTNDdGQlMjBzdHlsZSUzRCUyMnBhZGRpbmclM0ExMHB4JTNCJTIwYm9yZGVyJTNBMXB4JTIwc29saWQlMjAlMjNjY2MlM0J0ZXh0LWFsaWduJTNBY2VudGVyJTNCJTIyJTNFQ3IlQzMlQTlkaXRvJTIwTGlicmUlMjBEZXN0aW5vJTNDJTJGdGQlM0UlMEElMjAlMjAlMjAlMjAlMjAlMjAlMjAlMjAlM0N0ZCUyMHN0eWxlJTNEJTIycGFkZGluZyUzQTEwcHglM0IlMjBib3JkZXIlM0ExcHglMjBzb2xpZCUyMCUyM2NjYyUzQiUyMHRleHQtYWxpZ24lM0FjZW50ZXIlM0IlMjBmb250LXdlaWdodCUzQWJvbGQlM0IlMjBjb2xvciUzQSUyMzg1Yjk0NSUzQiUyMiUzRTElMkM1MCUyNSUzQyUyRnRkJTNFJTBBJTIwJTIwJTIwJTIwJTIwJTIwJTNDJTJGdHIlM0UlMEElMjAlMjAlMjAlMjAlMjAlMjAlM0N0ciUyMHN0eWxlJTNEJTIyYmFja2dyb3VuZC1jb2xvciUzQSUyM2Y0ZjRmNCUzQiUyMiUzRSUwQSUyMCUyMCUyMCUyMCUyMCUyMCUyMCUyMCUzQ3RkJTIwc3R5bGUlM0QlMjJwYWRkaW5nJTNBMTBweCUzQiUyMGJvcmRlciUzQTFweCUyMHNvbGlkJTIwJTIzY2NjJTNCdGV4dC1hbGlnbiUzQWNlbnRlciUzQiUyMiUzRUNyJUMzJUE5ZGl0byUyMEVkdWNhdGl2byUzQyUyRnRkJTNFJTBBJTIwJTIwJTIwJTIwJTIwJTIwJTIwJTIwJTNDdGQlMjBzdHlsZSUzRCUyMnBhZGRpbmclM0ExMHB4JTNCJTIwYm9yZGVyJTNBMXB4JTIwc29saWQlMjAlMjNjY2MlM0IlMjB0ZXh0LWFsaWduJTNBY2VudGVyJTNCJTIwZm9udC13ZWlnaHQlM0Fib2xkJTNCJTIwY29sb3IlM0ElMjM4NWI5NDUlM0IlMjIlM0UxJTJDMjAlMjUlM0MlMkZ0ZCUzRSUwQSUyMCUyMCUyMCUyMCUyMCUyMCUzQyUyRnRyJTNFJTBBJTIwJTIwJTIwJTIwJTIwJTIwJTNDdHIlM0UlMEElMjAlMjAlMjAlMjAlMjAlMjAlMjAlMjAlM0N0ZCUyMHN0eWxlJTNEJTIycGFkZGluZyUzQTEwcHglM0IlMjBib3JkZXIlM0ExcHglMjBzb2xpZCUyMCUyM2NjYyUzQnRleHQtYWxpZ24lM0FjZW50ZXIlM0IlMjIlM0VDb21wcmElMjBkZSUyMENhcnRlcmElM0MlMkZ0ZCUzRSUwQSUyMCUyMCUyMCUyMCUyMCUyMCUyMCUyMCUzQ3RkJTIwc3R5bGUlM0QlMjJwYWRkaW5nJTNBMTBweCUzQiUyMGJvcmRlciUzQTFweCUyMHNvbGlkJTIwJTIzY2NjJTNCJTIwdGV4dC1hbGlnbiUzQWNlbnRlciUzQiUyMGZvbnQtd2VpZ2h0JTNBYm9sZCUzQiUyMGNvbG9yJTNBJTIzODViOTQ1JTNCJTIyJTNFMC45NSUyNSUzQyUyRnRkJTNFJTBBJTIwJTIwJTIwJTIwJTIwJTIwJTNDJTJGdHIlM0UlMEElMjAlMjAlMjAlMjAlMjAlMjAlM0N0ciUyMHN0eWxlJTNEJTIyYmFja2dyb3VuZC1jb2xvciUzQSUyM2Y0ZjRmNCUzQiUyMiUzRSUwQSUyMCUyMCUyMCUyMCUyMCUyMCUyMCUyMCUzQ3RkJTIwc3R5bGUlM0QlMjJwYWRkaW5nJTNBMTBweCUzQiUyMGJvcmRlciUzQTFweCUyMHNvbGlkJTIwJTIzY2NjJTNCdGV4dC1hbGlnbiUzQWNlbnRlciUzQiUyMiUzRUNyJUMzJUE5ZGl0byUyMFZlaCVDMyVBRGN1bG8lM0MlMkZ0ZCUzRSUwQSUyMCUyMCUyMCUyMCUyMCUyMCUyMCUyMCUzQ3RkJTIwc3R5bGUlM0QlMjJwYWRkaW5nJTNBMTBweCUzQiUyMGJvcmRlciUzQTFweCUyMHNvbGlkJTIwJTIzY2NjJTNCJTIwdGV4dC1hbGlnbiUzQWNlbnRlciUzQiUyMGZvbnQtd2VpZ2h0JTNBYm9sZCUzQiUyMGNvbG9yJTNBJTIzODViOTQ1JTNCJTIyJTNFMSUyQzMwJTI1JTNDJTJGdGQlM0UlMEElMjAlMjAlMjAlMjAlMjAlMjAlM0MlMkZ0ciUzRSUwQSUyMCUyMCUyMCUyMCUyMCUyMCUzQ3RyJTNFJTBBJTIwJTIwJTIwJTIwJTIwJTIwJTIwJTIwJTNDdGQlMjBzdHlsZSUzRCUyMnBhZGRpbmclM0ExMHB4JTNCJTIwYm9yZGVyJTNBMXB4JTIwc29saWQlMjAlMjNjY2MlM0J0ZXh0LWFsaWduJTNBY2VudGVyJTNCJTIyJTNFQ3IlQzMlQTlkaXRvJTIwZGUlMjBWaXZpZW5kYSUzQyUyRnRkJTNFJTBBJTIwJTIwJTIwJTIwJTIwJTIwJTIwJTIwJTNDdGQlMjBzdHlsZSUzRCUyMnBhZGRpbmclM0ExMHB4JTNCJTIwYm9yZGVyJTNBMXB4JTIwc29saWQlMjAlMjNjY2MlM0IlMjB0ZXh0LWFsaWduJTNBY2VudGVyJTNCJTIwZm9udC13ZWlnaHQlM0Fib2xkJTNCJTIwY29sb3IlM0ElMjM4NWI5NDUlM0IlMjIlM0UxJTJDMDIlMjUlM0MlMkZ0ZCUzRSUwQSUyMCUyMCUyMCUyMCUyMCUyMCUzQyUyRnRyJTNFJTBBJTIwJTIwJTIwJTIwJTIwJTIwJTNDdHIlMjBzdHlsZSUzRCUyMmJhY2tncm91bmQtY29sb3IlM0ElMjNmNGY0ZjQlM0IlMjIlM0UlMEElMjAlMjAlMjAlMjAlMjAlMjAlMjAlMjAlM0N0ZCUyMHN0eWxlJTNEJTIycGFkZGluZyUzQTEwcHglM0IlMjBib3JkZXIlM0ExcHglMjBzb2xpZCUyMCUyM2NjYyUzQnRleHQtYWxpZ24lM0FjZW50ZXIlM0IlMjIlM0VDciVDMyVBOWRpdG8lMjBFeHRyYW9yZGluYXJpbyUzQyUyRnRkJTNFJTBBJTIwJTIwJTIwJTIwJTIwJTIwJTIwJTIwJTNDdGQlMjBzdHlsZSUzRCUyMnBhZGRpbmclM0ExMHB4JTNCJTIwYm9yZGVyJTNBMXB4JTIwc29saWQlMjAlMjNjY2MlM0IlMjB0ZXh0LWFsaWduJTNBY2VudGVyJTNCJTIwZm9udC13ZWlnaHQlM0Fib2xkJTNCJTIwY29sb3IlM0ElMjM4NWI5NDUlM0IlMjIlM0UxJTJDNjAlMjUlM0MlMkZ0ZCUzRSUwQSUyMCUyMCUyMCUyMCUyMCUyMCUzQyUyRnRyJTNFJTBBJTIwJTIwJTIwJTIwJTNDJTJGdGJvZHklM0UlMEElMjAlMjAlM0MlMkZ0YWJsZSUzRSUwQSUzQyUyRmRpdiUzRQ==[\/vc_raw_html][\/vc_column_inner][vc_column_inner width=&#8221;1\/6&#8243;][\/vc_column_inner][\/vc_row_inner][\/vc_column][\/vc_row][vc_row full_width=&#8221;stretch_row_content_no_spaces&#8221; content_placement=&#8221;middle&#8221; css=&#8221;.vc_custom_1771880465556{margin-top: 4% !important;padding-top: 5% !important;padding-right: 3% !important;padding-bottom: 3% !important;padding-left: 3% !important;background-color: #f4f4f4 !important;}&#8221; conditional_render=&#8221;%5B%7B%22value_role%22%3A%22administrator%22%7D%5D&#8221;][vc_column width=&#8221;1\/2&#8243;][vc_single_image image=&#8221;119&#8243; img_size=&#8221;FULL&#8221; alignment=&#8221;center&#8221;][\/vc_column][vc_column width=&#8221;1\/2&#8243; css=&#8221;.vc_custom_1771880482152{padding-left: 2% !important;}&#8221; conditional_render=&#8221;%5B%7B%22value_role%22%3A%22administrator%22%7D%5D&#8221;][vc_column_text css_animation=&#8221;zoomIn&#8221;]<\/p>\n<p class=\"titulo\" style=\" font-size: 30pt; font-weight: bold; text-align: left;\">Sobre nosotros<\/p>\n<p>[\/vc_column_text][vc_column_text css_animation=&#8221;zoomIn&#8221;]Buscamos satisfacer las necesidades de nuestros asociados y sus familias con el prop\u00f3sito de mejorar su calidad de vida.[\/vc_column_text]<div class=\"porto-sicon-box  wpb_custom_1efe903570d178ff0a9b7bfa5febd3a4 style_1 default-icon\" data-appear-animation=\"zoomIn\"><div class=\"porto-sicon-default\"><div class=\"porto-just-icon-wrapper porto-icon circle\" style=\"color:#ffffff;background:#e9c313;font-size:12px;\"><i class=\"fas fa-angle-double-right\"><\/i><\/div><\/div><div class=\"porto-sicon-header\"><h3 class=\"porto-sicon-title\" style=\"\">Acceso a servicios de ahorro y cr\u00e9ditos.<\/h3><\/div> <!-- header --><\/div><!-- porto-sicon-box --><div class=\"porto-sicon-box  wpb_custom_1efe903570d178ff0a9b7bfa5febd3a4 style_1 default-icon\" data-appear-animation=\"zoomIn\"><div class=\"porto-sicon-default\"><div class=\"porto-just-icon-wrapper porto-icon circle\" style=\"color:#ffffff;background:#e9c313;font-size:12px;\"><i class=\"fas fa-angle-double-right\"><\/i><\/div><\/div><div class=\"porto-sicon-header\"><h3 class=\"porto-sicon-title\" style=\"\">Protecci\u00f3n exequial para el asociado.<\/h3><\/div> <!-- header --><\/div><!-- porto-sicon-box --><div class=\"porto-sicon-box  wpb_custom_1efe903570d178ff0a9b7bfa5febd3a4 style_1 default-icon\" data-appear-animation=\"zoomIn\"><div class=\"porto-sicon-default\"><div class=\"porto-just-icon-wrapper porto-icon circle\" style=\"color:#ffffff;background:#e9c313;font-size:12px;\"><i class=\"fas fa-angle-double-right\"><\/i><\/div><\/div><div class=\"porto-sicon-header\"><h3 class=\"porto-sicon-title\" style=\"\">Beneficios establecidos por los \u00f3rganos de administraci\u00f3n.<\/h3><\/div> <!-- header --><\/div><!-- porto-sicon-box --><div class=\"porto-sicon-box  wpb_custom_1efe903570d178ff0a9b7bfa5febd3a4 style_1 default-icon\" data-appear-animation=\"zoomIn\"><div class=\"porto-sicon-default\"><div class=\"porto-just-icon-wrapper porto-icon circle\" style=\"color:#ffffff;background:#e9c313;font-size:12px;\"><i class=\"fas fa-angle-double-right\"><\/i><\/div><\/div><div class=\"porto-sicon-header\"><h3 class=\"porto-sicon-title\" style=\"\">Descuentos en convenios empresariales.<\/h3><\/div> <!-- header --><\/div><!-- porto-sicon-box -->[vc_column_text css=&#8221;.vc_custom_1771955896505{margin-top: 3% !important;}&#8221;]<\/p>\n<p style=\"text-align: left;\"><a style=\"text-decoration: none;\" href=\"https:\/\/ecoweb.com.co\/foncalima\/quienes-somos\/\" rel=\"noopener\"><span class=\"ver\">Ver m\u00e1s<\/span><\/a><\/p>\n<p>[\/vc_column_text][\/vc_column][\/vc_row][vc_row css=&#8221;.vc_custom_1771877017196{margin-top: 5% !important;}&#8221; conditional_render=&#8221;%5B%7B%22value_role%22%3A%22administrator%22%7D%5D&#8221;][vc_column][vc_column_text css_animation=&#8221;zoomIn&#8221;]<\/p>\n<p class=\"titulo\" style=\" font-size: 30pt; font-weight: bold; text-align: center;\">Servicios<\/p>\n<p>[\/vc_column_text][\/vc_column][\/vc_row][vc_row full_width=&#8221;stretch_row_content_no_spaces&#8221; css=&#8221;.vc_custom_1771877022917{padding-right: 4% !important;padding-left: 4% !important;}&#8221; conditional_render=&#8221;%5B%7B%22value_role%22%3A%22administrator%22%7D%5D&#8221;][vc_column width=&#8221;1\/2&#8243; css=&#8221;.vc_custom_1771875764651{margin-right: 1% !important;border-bottom-width: 2px !important;border-bottom-color: #85b945 !important;border-bottom-style: solid !important;}&#8221; conditional_render=&#8221;%5B%7B%22value_role%22%3A%22administrator%22%7D%5D&#8221; el_class=&#8221;lineas&#8221;][vc_single_image image=&#8221;68&#8243; img_size=&#8221;full&#8221; alignment=&#8221;center&#8221;][vc_column_text css_animation=&#8221;zoomIn&#8221; css=&#8221;.vc_custom_1771876503899{padding-right: 15% !important;padding-left: 15% !important;}&#8221;]<\/p>\n<p style=\"font-family: Raleway, sans-serif; font-size: 18pt; font-weight: bold; text-align: center;\">L\u00edneas de Ahorro<\/p>\n<p style=\"text-align: center;\">Aporte Social y Ahorro Permanente, Ahorro a la Vista, Ahorro Contractual<\/p>\n<p>[\/vc_column_text][vc_column_text]<\/p>\n<p style=\"text-align: center;\"><a style=\"text-decoration: none;\" href=\"https:\/\/ecoweb.com.co\/foncalima\/lineas-de-ahorro\/\" rel=\"noopener\"><span class=\"ver\">Conocer ahora<\/span><\/a><\/p>\n<p>[\/vc_column_text][\/vc_column][vc_column width=&#8221;1\/2&#8243; el_class=&#8221;lineas&#8221; conditional_render=&#8221;%5B%7B%22value_role%22%3A%22administrator%22%7D%5D&#8221;][vc_single_image image=&#8221;69&#8243; img_size=&#8221;full&#8221; alignment=&#8221;center&#8221;][vc_column_text css_animation=&#8221;zoomIn&#8221; css=&#8221;.vc_custom_1771876648699{padding-right: 15% !important;padding-left: 15% !important;}&#8221;]<\/p>\n<p style=\"font-family: Raleway, sans-serif; font-size: 18pt; font-weight: bold; text-align: center;\">L\u00edneas de Cr\u00e9dito<\/p>\n<p style=\"text-align: center;\">Libre destino, cr\u00e9dito educativo. Cr\u00e9dito especial, cr\u00e9dito compra de veh\u00edculo, compra de cartera, cr\u00e9dito extraordinario<\/p>\n<p>[\/vc_column_text][vc_column_text]<\/p>\n<p style=\"text-align: center;\"><a style=\"text-decoration: none;\" href=\"https:\/\/ecoweb.com.co\/foncalima\/lineas-de-credito\/\" rel=\"noopener\"><span class=\"ver\">Conocer ahora<\/span><\/a><\/p>\n<p>[\/vc_column_text][\/vc_column][\/vc_row][vc_row css=&#8221;.vc_custom_1771877017196{margin-top: 5% !important;}&#8221; conditional_render=&#8221;%5B%7B%22value_role%22%3A%22administrator%22%7D%5D&#8221;][vc_column][vc_column_text css_animation=&#8221;zoomIn&#8221; css=&#8221;.vc_custom_1772574398702{padding-top: 4% !important;padding-bottom: 3% !important;background-image: url(https:\/\/ecoweb.com.co\/foncalima\/wp-content\/uploads\/2026\/03\/fondo.png?id=346) !important;}&#8221;]<\/p>\n<p class=\"titulo\" style=\"font-size: 30pt; font-weight: bold; text-align: center;\"><span style=\"color: #ffffff;\">Convenios<\/span><\/p>\n<p style=\"text-align: center;\"><span style=\"color: #ffffff;\">Convenios pensados para ti y tu familia<\/span><\/p>\n<p>[\/vc_column_text]<div class=\"porto-carousel owl-carousel has-ccols has-ccols-spacing ccols-xl-4 ccols-lg-4 ccols-md-3 ccols-sm-2 ccols-2 wpb_custom_9bd5a54d3945e32e60e35229792656d4 nav-pos-outside nav-style-1\" data-appear-animation=\"zoomIn\" data-plugin-options=\"{&quot;themeConfig&quot;:true,&quot;stagePadding&quot;:0,&quot;margin&quot;:10,&quot;autoplay&quot;:&quot;yes&quot;,&quot;mouseDrag&quot;:true,&quot;touchDrag&quot;:true,&quot;autoplayTimeout&quot;:3000,&quot;autoplayHoverPause&quot;:false,&quot;items&quot;:4,&quot;xl&quot;:4,&quot;lg&quot;:4,&quot;md&quot;:3,&quot;sm&quot;:2,&quot;xs&quot;:2,&quot;nav&quot;:&quot;yes&quot;,&quot;dots&quot;:false,&quot;animateIn&quot;:&quot;&quot;,&quot;animateOut&quot;:&quot;&quot;,&quot;loop&quot;:&quot;yes&quot;,&quot;center&quot;:false,&quot;video&quot;:false,&quot;lazyLoad&quot;:false,&quot;fullscreen&quot;:false}\">[vc_single_image image=&#8221;110&#8243; img_size=&#8221;full&#8221; alignment=&#8221;center&#8221; style=&#8221;vc_box_rounded&#8221;][vc_single_image image=&#8221;111&#8243; img_size=&#8221;full&#8221; alignment=&#8221;center&#8221; style=&#8221;vc_box_rounded&#8221;][vc_single_image image=&#8221;112&#8243; img_size=&#8221;full&#8221; alignment=&#8221;center&#8221; style=&#8221;vc_box_rounded&#8221;][vc_single_image image=&#8221;109&#8243; img_size=&#8221;full&#8221; alignment=&#8221;center&#8221; style=&#8221;vc_box_rounded&#8221;][vc_single_image image=&#8221;108&#8243; img_size=&#8221;full&#8221; alignment=&#8221;center&#8221; style=&#8221;vc_box_rounded&#8221;][vc_single_image image=&#8221;107&#8243; img_size=&#8221;full&#8221; alignment=&#8221;center&#8221; style=&#8221;vc_box_rounded&#8221;][vc_single_image image=&#8221;105&#8243; img_size=&#8221;full&#8221; alignment=&#8221;center&#8221; style=&#8221;vc_box_rounded&#8221;][vc_single_image image=&#8221;106&#8243; img_size=&#8221;full&#8221; alignment=&#8221;center&#8221; style=&#8221;vc_box_rounded&#8221;]<\/div>[\/vc_column][\/vc_row]<\/p>\n<\/div>","protected":false},"excerpt":{"rendered":"<p>[vc_row full_width=&#8221;stretch_row_content_no_spaces&#8221; css=&#8221;.vc_custom_1771860964258{margin-top: -20px !important;}&#8221; conditional_render=&#8221;%5B%7B%22value_role%22%3A%22administrator%22%7D%5D&#8221;][vc_column][rev_slider_vc alias=&#8221;inicio&#8221;][\/vc_column][\/vc_row][vc_row css=&#8221;.vc_custom_1772573209373{margin-top: 2% !important;padding-top: 4% !important;padding-bottom: 1% !important;background-image: url(https:\/\/ecoweb.com.co\/foncalima\/wp-content\/uploads\/2026\/03\/fondi.png?id=340) !important;background-position: center !important;background-repeat: no-repeat !important;background-size: cover !important;}&#8221; conditional_render=&#8221;%5B%7B%22value_role%22%3A%22administrator%22%7D%5D&#8221;][vc_column width=&#8221;1\/6&#8243;][\/vc_column][vc_column width=&#8221;2\/3&#8243;][vc_column_text css_animation=&#8221;zoomIn&#8221;] Foncalima le informa [\/vc_column_text][vc_column_text css_animation=&#8221;zoomIn&#8221;] Seg\u00fan el art\u00edculo 30 de los estatutos y con base en los valores vigentes actualizados para el a\u00f1o 2026, los aportes obligatorios mensuales se [&hellip;]<\/p>\n","protected":false},"author":1,"featured_media":0,"parent":0,"menu_order":0,"comment_status":"closed","ping_status":"closed","template":"","meta":{"_joinchat":[],"footnotes":""},"class_list":["post-7","page","type-page","status-publish","hentry"],"_links":{"self":[{"href":"https:\/\/ecoweb.com.co\/foncalima\/wp-json\/wp\/v2\/pages\/7","targetHints":{"allow":["GET"]}}],"collection":[{"href":"https:\/\/ecoweb.com.co\/foncalima\/wp-json\/wp\/v2\/pages"}],"about":[{"href":"https:\/\/ecoweb.com.co\/foncalima\/wp-json\/wp\/v2\/types\/page"}],"author":[{"embeddable":true,"href":"https:\/\/ecoweb.com.co\/foncalima\/wp-json\/wp\/v2\/users\/1"}],"replies":[{"embeddable":true,"href":"https:\/\/ecoweb.com.co\/foncalima\/wp-json\/wp\/v2\/comments?post=7"}],"version-history":[{"count":58,"href":"https:\/\/ecoweb.com.co\/foncalima\/wp-json\/wp\/v2\/pages\/7\/revisions"}],"predecessor-version":[{"id":39,"href":"https:\/\/ecoweb.com.co\/foncalima\/wp-json\/wp\/v2\/pages\/7\/revisions\/39"}],"wp:attachment":[{"href":"https:\/\/ecoweb.com.co\/foncalima\/wp-json\/wp\/v2\/media?parent=7"}],"curies":[{"name":"wp","href":"https:\/\/api.w.org\/{rel}","templated":true}]}}