{"id":493,"date":"2025-10-06T15:29:19","date_gmt":"2025-10-06T20:29:19","guid":{"rendered":"https:\/\/ecoweb.com.co\/comercializamosantioquia\/?post_type=product&#038;p=493"},"modified":"2026-03-01T17:27:11","modified_gmt":"2026-03-01T22:27:11","slug":"protector-auditivo-espuma-desechable","status":"publish","type":"product","link":"https:\/\/ecoweb.com.co\/comercializamosantioquia\/producto\/protector-auditivo-espuma-desechable\/","title":{"rendered":"Protector auditivo espuma desechable"},"content":{"rendered":"<h6 class=\"sr-only\">ChatGPT Plus<\/h6>\n<div class=\"text-base my-auto mx-auto pb-10 [--thread-content-margin:--spacing(4)] thread-sm:[--thread-content-margin:--spacing(6)] thread-lg:[--thread-content-margin:--spacing(16)] px-(--thread-content-margin)\">\n<div class=\"[--thread-content-max-width:40rem] thread-lg:[--thread-content-max-width:48rem] mx-auto max-w-(--thread-content-max-width) flex-1 group\/turn-messages focus-visible:outline-hidden relative flex w-full min-w-0 flex-col agent-turn\" tabindex=\"-1\">\n<div class=\"flex max-w-full flex-col grow\">\n<div class=\"min-h-8 text-message relative flex w-full flex-col items-end gap-2 text-start break-words whitespace-normal [.text-message+&amp;]:mt-1\" dir=\"auto\" data-message-author-role=\"assistant\" data-message-id=\"9c2306d7-d6de-469a-8098-250186459aa7\" data-message-model-slug=\"gpt-5-1\">\n<div class=\"flex w-full flex-col gap-1 empty:hidden first:pt-[1px]\">\n<div class=\"markdown prose dark:prose-invert w-full break-words light markdown-new-styling\">\n<h3 data-start=\"0\" data-end=\"51\">\ud83d\udee1\ufe0f <strong data-start=\"8\" data-end=\"51\">Protector Auditivo de Espuma Desechable<\/strong><\/h3>\n<p data-start=\"53\" data-end=\"358\">En <strong data-start=\"56\" data-end=\"95\">Comercializamos Antioquia EPP S.A.S<\/strong> ofrecemos protectores auditivos de <strong data-start=\"131\" data-end=\"152\">espuma desechable<\/strong>, dise\u00f1ados para brindar una <strong data-start=\"181\" data-end=\"214\">atenuaci\u00f3n efectiva del ruido<\/strong>, comodidad y f\u00e1cil adaptaci\u00f3n al canal auditivo. Son la opci\u00f3n ideal para trabajos que requieren protecci\u00f3n ligera, higi\u00e9nica y de un solo uso.<\/p>\n<hr data-start=\"360\" data-end=\"363\" \/>\n<p data-start=\"365\" data-end=\"398\">\u2b50 <strong data-start=\"367\" data-end=\"398\">Caracter\u00edsticas principales<\/strong><\/p>\n<p data-start=\"400\" data-end=\"752\">\u2022 Fabricados en <strong data-start=\"416\" data-end=\"446\">espuma suave y comprimible<\/strong>, que se expande para un sellado c\u00f3modo.<br data-start=\"486\" data-end=\"489\" \/>\u2022 <strong data-start=\"491\" data-end=\"506\">Desechables<\/strong>, ideales para mantener altos est\u00e1ndares de higiene.<br data-start=\"558\" data-end=\"561\" \/>\u2022 Excelente <strong data-start=\"573\" data-end=\"595\">reducci\u00f3n de ruido<\/strong> para ambientes industriales y de maquinaria.<br data-start=\"640\" data-end=\"643\" \/>\u2022 Dise\u00f1o ergon\u00f3mico que se ajusta a diferentes tama\u00f1os de o\u00eddo.<br data-start=\"706\" data-end=\"709\" \/>\u2022 Livianos, pr\u00e1cticos y f\u00e1ciles de colocar.<\/p>\n<hr data-start=\"754\" data-end=\"757\" \/>\n<p data-start=\"759\" data-end=\"898\" data-is-last-node=\"\" data-is-only-node=\"\">\ud83d\udee1\ufe0f <strong data-start=\"763\" data-end=\"786\">Nuestro compromiso:<\/strong> ofrecer soluciones auditivas seguras, higi\u00e9nicas y confiables para proteger a cada trabajador expuesto a ruido.<\/p>\n<\/div>\n<\/div>\n<\/div>\n<\/div>\n<\/div>\n<\/div>\n","protected":false},"excerpt":{"rendered":"<p>ChatGPT Plus \ud83d\udee1\ufe0f Protector Auditivo de Espuma Desechable En Comercializamos Antioquia EPP S.A.S ofrecemos protectores auditivos de espuma desechable, dise\u00f1ados para brindar una atenuaci\u00f3n efectiva del ruido, comodidad y f\u00e1cil adaptaci\u00f3n al canal auditivo. Son la opci\u00f3n ideal para trabajos que requieren protecci\u00f3n ligera, higi\u00e9nica y de un solo uso. \u2b50 Caracter\u00edsticas principales \u2022 Fabricados [&hellip;]<\/p>\n","protected":false},"featured_media":974,"template":"","meta":{"_joinchat":[]},"product_brand":[],"product_cat":[33,17],"product_tag":[82],"class_list":{"0":"post-493","1":"product","2":"type-product","3":"status-publish","4":"has-post-thumbnail","6":"product_cat-proteccion-auditiva","7":"product_cat-seguridad-industrial","8":"product_tag-50-pares","10":"first","11":"instock","12":"shipping-taxable","13":"purchasable","14":"product-type-simple"},"_links":{"self":[{"href":"https:\/\/ecoweb.com.co\/comercializamosantioquia\/wp-json\/wp\/v2\/product\/493","targetHints":{"allow":["GET"]}}],"collection":[{"href":"https:\/\/ecoweb.com.co\/comercializamosantioquia\/wp-json\/wp\/v2\/product"}],"about":[{"href":"https:\/\/ecoweb.com.co\/comercializamosantioquia\/wp-json\/wp\/v2\/types\/product"}],"wp:featuredmedia":[{"embeddable":true,"href":"https:\/\/ecoweb.com.co\/comercializamosantioquia\/wp-json\/wp\/v2\/media\/974"}],"wp:attachment":[{"href":"https:\/\/ecoweb.com.co\/comercializamosantioquia\/wp-json\/wp\/v2\/media?parent=493"}],"wp:term":[{"taxonomy":"product_brand","embeddable":true,"href":"https:\/\/ecoweb.com.co\/comercializamosantioquia\/wp-json\/wp\/v2\/product_brand?post=493"},{"taxonomy":"product_cat","embeddable":true,"href":"https:\/\/ecoweb.com.co\/comercializamosantioquia\/wp-json\/wp\/v2\/product_cat?post=493"},{"taxonomy":"product_tag","embeddable":true,"href":"https:\/\/ecoweb.com.co\/comercializamosantioquia\/wp-json\/wp\/v2\/product_tag?post=493"}],"curies":[{"name":"wp","href":"https:\/\/api.w.org\/{rel}","templated":true}]}}