{"id":457,"date":"2025-10-06T09:05:53","date_gmt":"2025-10-06T14:05:53","guid":{"rendered":"https:\/\/ecoweb.com.co\/comercializamosantioquia\/?post_type=product&#038;p=457"},"modified":"2026-02-15T02:23:18","modified_gmt":"2026-02-15T07:23:18","slug":"guante-de-hilaza-recubierto-en-latex","status":"publish","type":"product","link":"https:\/\/ecoweb.com.co\/comercializamosantioquia\/producto\/guante-de-hilaza-recubierto-en-latex\/","title":{"rendered":"Guante de hilaza recubierto en l\u00e1tex"},"content":{"rendered":"<h3 data-start=\"0\" data-end=\"43\">\ud83e\udde4 Guante de hilaza recubierto en l\u00e1tex<\/h3>\n<p data-start=\"45\" data-end=\"496\"><strong data-start=\"45\" data-end=\"62\">\u2b50 Descripci\u00f3n<\/strong><br data-start=\"62\" data-end=\"65\" \/>Guante tejido en galga 7, fabricado en poli algod\u00f3n y fibra elast\u00f3mero, con pu\u00f1o de seguridad ajustado a la antropometr\u00eda de la mano. Recubierto en l\u00e1tex de caucho natural reforzado con resinas sint\u00e9ticas y vulcanizado mediante sistema presurizado, lo que garantiza un \u00f3ptimo anclaje de las part\u00edculas de l\u00e1tex al sustrato o tejido, brindando excelente agarre y resistencia. <strong data-start=\"440\" data-end=\"455\">Talla \u00fanica<\/strong>, adaptable a diferentes tama\u00f1os de mano.<\/p>\n<p data-start=\"498\" data-end=\"776\"><strong data-start=\"498\" data-end=\"530\">\ud83d\udee0\ufe0f Caracter\u00edsticas t\u00e9cnicas<\/strong><br data-start=\"530\" data-end=\"533\" \/>Tejido: Punto galga 7<br data-start=\"554\" data-end=\"557\" \/>Material base: Poli algod\u00f3n y fibra elast\u00f3mero<br data-start=\"603\" data-end=\"606\" \/>Recubrimiento: L\u00e1tex de caucho natural<br data-start=\"644\" data-end=\"647\" data-is-only-node=\"\" \/>Refuerzo: Resinas sint\u00e9ticas<br data-start=\"675\" data-end=\"678\" \/>Proceso: Vulcanizado por sistema presurizado<br data-start=\"722\" data-end=\"725\" \/>Pu\u00f1o: Seguridad, ajuste ergon\u00f3mico<br data-start=\"759\" data-end=\"762\" \/>Talla: \u00danica<\/p>\n<p data-start=\"778\" data-end=\"1095\"><strong data-start=\"778\" data-end=\"797\">\ud83e\uddba \u00c1reas de uso<\/strong><br data-start=\"797\" data-end=\"800\" \/>Actividades de transporte y almacenamiento<br data-start=\"842\" data-end=\"845\" \/>Empaque de manufacturas<br data-start=\"868\" data-end=\"871\" \/>Ensamble industrial<br data-start=\"890\" data-end=\"893\" data-is-only-node=\"\" \/>Trabajo en alturas<br data-start=\"911\" data-end=\"914\" \/>Plomer\u00eda e industria vidriera<br data-start=\"943\" data-end=\"946\" \/>Ingenier\u00eda y construcci\u00f3n<br data-start=\"971\" data-end=\"974\" \/>Industria metalmec\u00e1nica (siempre que el material no est\u00e9 impregnado de grasas o disolventes)<br data-start=\"1066\" data-end=\"1069\" \/>Aseguramiento de calidad<\/p>\n<p data-start=\"1097\" data-end=\"1271\"><strong data-start=\"1097\" data-end=\"1113\">\u2705 Beneficios<\/strong><br data-start=\"1113\" data-end=\"1116\" \/>Excelente agarre y resistencia a la abrasi\u00f3n<br data-start=\"1160\" data-end=\"1163\" \/>Ajuste c\u00f3modo y adaptable<br data-start=\"1188\" data-end=\"1191\" \/>Buena flexibilidad y destreza manual<br data-start=\"1227\" data-end=\"1230\" data-is-only-node=\"\" \/>Mayor durabilidad en trabajos exigentes<\/p>\n<p data-start=\"1273\" data-end=\"1451\" data-is-last-node=\"\" data-is-only-node=\"\"><strong data-start=\"1273\" data-end=\"1298\">\ud83d\udd12 Nuestro compromiso<\/strong><br data-start=\"1298\" data-end=\"1301\" \/>Suministrar elementos de protecci\u00f3n personal confiables y de alta calidad que garanticen seguridad, rendimiento y comodidad en cada actividad laboral.<\/p>\n","protected":false},"excerpt":{"rendered":"<p>\ud83e\udde4 Guante de hilaza recubierto en l\u00e1tex \u2b50 Descripci\u00f3nGuante tejido en galga 7, fabricado en poli algod\u00f3n y fibra elast\u00f3mero, con pu\u00f1o de seguridad ajustado a la antropometr\u00eda de la mano. Recubierto en l\u00e1tex de caucho natural reforzado con resinas sint\u00e9ticas y vulcanizado mediante sistema presurizado, lo que garantiza un \u00f3ptimo anclaje de las part\u00edculas [&hellip;]<\/p>\n","protected":false},"featured_media":1602,"template":"","meta":{"_joinchat":[]},"product_brand":[],"product_cat":[31,17],"product_tag":[62],"class_list":{"0":"post-457","1":"product","2":"type-product","3":"status-publish","4":"has-post-thumbnail","6":"product_cat-guantes-de-seguridad","7":"product_cat-seguridad-industrial","8":"product_tag-docena","10":"first","11":"instock","12":"shipping-taxable","13":"purchasable","14":"product-type-simple"},"_links":{"self":[{"href":"https:\/\/ecoweb.com.co\/comercializamosantioquia\/wp-json\/wp\/v2\/product\/457","targetHints":{"allow":["GET"]}}],"collection":[{"href":"https:\/\/ecoweb.com.co\/comercializamosantioquia\/wp-json\/wp\/v2\/product"}],"about":[{"href":"https:\/\/ecoweb.com.co\/comercializamosantioquia\/wp-json\/wp\/v2\/types\/product"}],"wp:featuredmedia":[{"embeddable":true,"href":"https:\/\/ecoweb.com.co\/comercializamosantioquia\/wp-json\/wp\/v2\/media\/1602"}],"wp:attachment":[{"href":"https:\/\/ecoweb.com.co\/comercializamosantioquia\/wp-json\/wp\/v2\/media?parent=457"}],"wp:term":[{"taxonomy":"product_brand","embeddable":true,"href":"https:\/\/ecoweb.com.co\/comercializamosantioquia\/wp-json\/wp\/v2\/product_brand?post=457"},{"taxonomy":"product_cat","embeddable":true,"href":"https:\/\/ecoweb.com.co\/comercializamosantioquia\/wp-json\/wp\/v2\/product_cat?post=457"},{"taxonomy":"product_tag","embeddable":true,"href":"https:\/\/ecoweb.com.co\/comercializamosantioquia\/wp-json\/wp\/v2\/product_tag?post=457"}],"curies":[{"name":"wp","href":"https:\/\/api.w.org\/{rel}","templated":true}]}}