{"id":415,"date":"2025-10-06T08:23:59","date_gmt":"2025-10-06T13:23:59","guid":{"rendered":"https:\/\/ecoweb.com.co\/comercializamosantioquia\/?post_type=product&#038;p=415"},"modified":"2026-02-15T03:57:12","modified_gmt":"2026-02-15T08:57:12","slug":"guantes-de-latex-para-examenes","status":"publish","type":"product","link":"https:\/\/ecoweb.com.co\/comercializamosantioquia\/producto\/guantes-de-latex-para-examenes\/","title":{"rendered":"Guantes de L\u00e1tex desechables"},"content":{"rendered":"<div class=\"text-base my-auto mx-auto pb-10 [--thread-content-margin:--spacing(4)] @w-sm\/main:[--thread-content-margin:--spacing(6)] @w-lg\/main:[--thread-content-margin:--spacing(16)] px-(--thread-content-margin)\">\n<div class=\"[--thread-content-max-width:40rem] @w-lg\/main:[--thread-content-max-width:48rem] mx-auto max-w-(--thread-content-max-width) flex-1 group\/turn-messages focus-visible:outline-hidden relative flex w-full min-w-0 flex-col agent-turn\" tabindex=\"-1\">\n<div class=\"flex max-w-full flex-col grow\">\n<div class=\"min-h-8 text-message relative flex w-full flex-col items-end gap-2 text-start break-words whitespace-normal [.text-message+&amp;]:mt-1\" dir=\"auto\" data-message-author-role=\"assistant\" data-message-id=\"ac2f236f-b7b7-4a3b-a033-bf8229bab55f\" data-message-model-slug=\"gpt-5-2\">\n<div class=\"flex w-full flex-col gap-1 empty:hidden first:pt-[1px]\">\n<div class=\"markdown prose dark:prose-invert w-full break-words light markdown-new-styling\">\n<h3 data-start=\"0\" data-end=\"35\">\ud83e\udde4 Guantes de L\u00e1tex Desechables<\/h3>\n<h4 data-start=\"37\" data-end=\"70\"><strong data-start=\"42\" data-end=\"70\">Descripci\u00f3n del producto<\/strong><\/h4>\n<p data-start=\"71\" data-end=\"334\">Los <strong data-start=\"75\" data-end=\"107\">guantes de l\u00e1tex desechables<\/strong> est\u00e1n elaborados en <strong data-start=\"128\" data-end=\"145\">l\u00e1tex natural<\/strong>, ofreciendo <strong data-start=\"158\" data-end=\"211\">alta elasticidad, sensibilidad t\u00e1ctil y comodidad<\/strong> para m\u00faltiples aplicaciones. Son una opci\u00f3n confiable para tareas que requieren protecci\u00f3n b\u00e1sica y buen ajuste a la mano.<\/p>\n<h4 data-start=\"336\" data-end=\"372\"><strong data-start=\"341\" data-end=\"372\">Caracter\u00edsticas principales<\/strong><\/h4>\n<ul data-start=\"373\" data-end=\"623\">\n<li data-start=\"373\" data-end=\"405\">\n<p data-start=\"375\" data-end=\"405\"><strong data-start=\"375\" data-end=\"388\">Material:<\/strong> L\u00e1tex natural.<\/p>\n<\/li>\n<li data-start=\"406\" data-end=\"423\">\n<p data-start=\"408\" data-end=\"423\"><strong data-start=\"408\" data-end=\"416\">AQL:<\/strong> 1.5.<\/p>\n<\/li>\n<li data-start=\"424\" data-end=\"489\">\n<p data-start=\"426\" data-end=\"489\"><strong data-start=\"426\" data-end=\"445\">Pre-entalcados:<\/strong> Con almid\u00f3n para facilitar su colocaci\u00f3n.<\/p>\n<\/li>\n<li data-start=\"490\" data-end=\"522\">\n<p data-start=\"492\" data-end=\"522\"><strong data-start=\"492\" data-end=\"506\">Condici\u00f3n:<\/strong> No est\u00e9riles.<\/p>\n<\/li>\n<li data-start=\"523\" data-end=\"552\">\n<p data-start=\"525\" data-end=\"552\"><strong data-start=\"525\" data-end=\"536\">Dise\u00f1o:<\/strong> Ambidiestros.<\/p>\n<\/li>\n<li data-start=\"553\" data-end=\"623\">\n<p data-start=\"555\" data-end=\"623\"><strong data-start=\"555\" data-end=\"566\">Orillo:<\/strong> Borde reforzado para mayor resistencia y f\u00e1cil ajuste.<\/p>\n<\/li>\n<\/ul>\n<h4 data-start=\"625\" data-end=\"646\"><strong data-start=\"630\" data-end=\"646\">Presentaci\u00f3n<\/strong><\/h4>\n<ul data-start=\"647\" data-end=\"686\">\n<li data-start=\"647\" data-end=\"686\">\n<p data-start=\"649\" data-end=\"686\"><strong data-start=\"649\" data-end=\"661\">Empaque:<\/strong> Caja x <strong data-start=\"669\" data-end=\"685\">100 unidades<\/strong>.<\/p>\n<\/li>\n<\/ul>\n<h4 data-start=\"688\" data-end=\"715\"><strong data-start=\"693\" data-end=\"715\">Tallas disponibles<\/strong><\/h4>\n<ul data-start=\"716\" data-end=\"736\">\n<li data-start=\"716\" data-end=\"736\">\n<p data-start=\"718\" data-end=\"736\"><strong data-start=\"718\" data-end=\"736\">S \u2013 M \u2013 L<\/strong><\/p>\n<\/li>\n<\/ul>\n<h4 data-start=\"738\" data-end=\"764\"><strong data-start=\"743\" data-end=\"764\">Usos recomendados<\/strong><\/h4>\n<ul data-start=\"765\" data-end=\"924\">\n<li data-start=\"765\" data-end=\"794\">\n<p data-start=\"767\" data-end=\"794\">Procedimientos generales.<\/p>\n<\/li>\n<li data-start=\"795\" data-end=\"824\">\n<p data-start=\"797\" data-end=\"824\">Limpieza y mantenimiento.<\/p>\n<\/li>\n<li data-start=\"825\" data-end=\"868\">\n<p data-start=\"827\" data-end=\"868\">Manipulaci\u00f3n de materiales no cr\u00edticos.<\/p>\n<\/li>\n<li data-start=\"869\" data-end=\"924\">\n<p data-start=\"871\" data-end=\"924\">Aplicaciones donde se requiera buena destreza manual.<\/p>\n<\/li>\n<\/ul>\n<p data-start=\"926\" data-end=\"1087\" data-is-last-node=\"\" data-is-only-node=\"\">\u2714\ufe0f <strong data-start=\"929\" data-end=\"953\">Beneficio principal:<\/strong> combinaci\u00f3n de <strong data-start=\"969\" data-end=\"1019\">flexibilidad, ajuste c\u00f3modo y facilidad de uso<\/strong>, ideales para labores cotidianas de protecci\u00f3n b\u00e1sica de las manos.<\/p>\n<\/div>\n<\/div>\n<\/div>\n<\/div>\n<\/div>\n<\/div>\n","protected":false},"excerpt":{"rendered":"<p>Uso: en general<br \/>\nCaja dispensador x 50<br \/>\n\u201cL\u00e1tex Plus\u201d<\/p>\n","protected":false},"featured_media":1490,"template":"","meta":{"_joinchat":[]},"product_brand":[],"product_cat":[31,17],"product_tag":[63],"class_list":{"0":"post-415","1":"product","2":"type-product","3":"status-publish","4":"has-post-thumbnail","6":"product_cat-guantes-de-seguridad","7":"product_cat-seguridad-industrial","8":"product_tag-caja-100-unidades","10":"first","11":"instock","12":"shipping-taxable","13":"purchasable","14":"product-type-variable"},"_links":{"self":[{"href":"https:\/\/ecoweb.com.co\/comercializamosantioquia\/wp-json\/wp\/v2\/product\/415","targetHints":{"allow":["GET"]}}],"collection":[{"href":"https:\/\/ecoweb.com.co\/comercializamosantioquia\/wp-json\/wp\/v2\/product"}],"about":[{"href":"https:\/\/ecoweb.com.co\/comercializamosantioquia\/wp-json\/wp\/v2\/types\/product"}],"wp:featuredmedia":[{"embeddable":true,"href":"https:\/\/ecoweb.com.co\/comercializamosantioquia\/wp-json\/wp\/v2\/media\/1490"}],"wp:attachment":[{"href":"https:\/\/ecoweb.com.co\/comercializamosantioquia\/wp-json\/wp\/v2\/media?parent=415"}],"wp:term":[{"taxonomy":"product_brand","embeddable":true,"href":"https:\/\/ecoweb.com.co\/comercializamosantioquia\/wp-json\/wp\/v2\/product_brand?post=415"},{"taxonomy":"product_cat","embeddable":true,"href":"https:\/\/ecoweb.com.co\/comercializamosantioquia\/wp-json\/wp\/v2\/product_cat?post=415"},{"taxonomy":"product_tag","embeddable":true,"href":"https:\/\/ecoweb.com.co\/comercializamosantioquia\/wp-json\/wp\/v2\/product_tag?post=415"}],"curies":[{"name":"wp","href":"https:\/\/api.w.org\/{rel}","templated":true}]}}